{"id":2577,"date":"2021-04-20T12:41:43","date_gmt":"2021-04-20T10:41:43","guid":{"rendered":"https:\/\/www.allsecure.eu\/developers\/api\/"},"modified":"2021-04-20T12:41:43","modified_gmt":"2021-04-20T10:41:43","slug":"api","status":"publish","type":"page","link":"https:\/\/new.allsecure.rs\/?page_id=2577","title":{"rendered":"Dokumentacija"},"content":{"rendered":"\t\t<div data-elementor-type=\"wp-page\" data-elementor-id=\"2577\" class=\"elementor elementor-2577\">\n\t\t\t\t\t\t<section class=\"elementor-section elementor-top-section elementor-element elementor-element-8a27879 elementor-section-full_width elementor-section-height-default elementor-section-height-default\" data-id=\"8a27879\" data-element_type=\"section\">\n\t\t\t\t\t\t<div class=\"elementor-container elementor-column-gap-no\">\n\t\t\t\t\t<div class=\"elementor-column elementor-col-100 elementor-top-column elementor-element elementor-element-3833e72\" data-id=\"3833e72\" data-element_type=\"column\">\n\t\t\t<div class=\"elementor-widget-wrap elementor-element-populated\">\n\t\t\t\t\t\t<div class=\"elementor-element elementor-element-c24750e elementor-widget elementor-widget-saasland_hero\" data-id=\"c24750e\" data-element_type=\"widget\" data-widget_type=\"saasland_hero.default\">\n\t\t\t\t<div class=\"elementor-widget-container\">\n\t\t\t\t\t<section class=\"home_analytics_banner_area\">\r\n    <div class=\"elements\">\r\n                                                    <\/div>\r\n    <div class=\"container\">\r\n        <div class=\"row align-items-center\">\r\n            <div class=\"col-lg-6\">\r\n                <div class=\"h_analytics_content\">\r\n                                            <h1 class=\"typewrite_title saasland_html_class_color\">\r\n                            API Dokumentacija                        <\/h1>\r\n                                        <p>Dokumentacija za Integraciju sa AllSecure Platformama<\/p>\n                                                                                <a href=\"#allsecure-exchange\" class=\"er_btn er_btn_two elementor-repeater-item-c45a82e\"\r\n                                    >\r\n                                    Exchange Platform                                <\/a>\r\n                                                                                                                    <a href=\"#allsecure-opp\" class=\"er_btn er_btn_two elementor-repeater-item-6a663f0\"\r\n                                    >\r\n                                    Open Platform                                <\/a>\r\n                                                                        <\/div>\r\n            <\/div>\r\n            <div class=\"col-lg-6\">\r\n                <div class=\"h_analytices_img\">\r\n                    <img fetchpriority=\"high\" decoding=\"async\" width=\"527\" height=\"446\" src=\"https:\/\/new.allsecure.rs\/wp-content\/uploads\/2021\/04\/section-api.png\" class=\"attachment-full size-full\" alt=\"payment integration\" srcset=\"https:\/\/new.allsecure.rs\/wp-content\/uploads\/2021\/04\/section-api.png 527w, https:\/\/new.allsecure.rs\/wp-content\/uploads\/2021\/04\/section-api-300x254.png 300w\" sizes=\"(max-width: 527px) 100vw, 527px\" \/>                <\/div>\r\n            <\/div>\r\n        <\/div>\r\n    <\/div>\r\n<\/section>\r\n\r\n\t\t\t\t<\/div>\n\t\t\t\t<\/div>\n\t\t\t\t\t<\/div>\n\t\t<\/div>\n\t\t\t\t\t<\/div>\n\t\t<\/section>\n\t\t\t\t<section class=\"elementor-section elementor-top-section elementor-element elementor-element-0f84582 elementor-section-boxed elementor-section-height-default elementor-section-height-default\" data-id=\"0f84582\" data-element_type=\"section\" data-settings=\"{&quot;background_background&quot;:&quot;classic&quot;}\">\n\t\t\t\t\t\t<div class=\"elementor-container elementor-column-gap-default\">\n\t\t\t\t\t<div class=\"elementor-column elementor-col-100 elementor-top-column elementor-element elementor-element-14179e5\" data-id=\"14179e5\" data-element_type=\"column\">\n\t\t\t<div class=\"elementor-widget-wrap elementor-element-populated\">\n\t\t\t\t\t\t<div class=\"elementor-element elementor-element-6279876 elementor-widget elementor-widget-Saasland_heading\" data-id=\"6279876\" data-element_type=\"widget\" data-widget_type=\"Saasland_heading.default\">\n\t\t\t\t<div class=\"elementor-widget-container\">\n\t\t\t\t\t<div class=\"heading_wrap d-flex justify-content-start\"><h2 class=\"saasland_heading\" >Brza i Jednostavna Integracija Pla\u0107anja<\/h2><\/div>\t\t\t\t<\/div>\n\t\t\t\t<\/div>\n\t\t\t\t<div class=\"elementor-element elementor-element-28b1e71 elementor-widget elementor-widget-text-editor\" data-id=\"28b1e71\" data-element_type=\"widget\" data-widget_type=\"text-editor.default\">\n\t\t\t\t<div class=\"elementor-widget-container\">\n\t\t\t\t\t\t\t\t\tPotrebno vam je da uradite integraciju pla\u0107anja u internet prodavnicu ili mobilnu aplikaciju? Neophodni su vam izve\u0161taji o ranijim transakcijama? \u017delite da omogu\u0107ite kompletiranje ili otkazivanje transakcija direktno iz svog sistema? Sve ovo, i jo\u0161 puno toga, mogu\u0107e je uraditi na jednostavan na\u010din. Uz najsavremeniju tehnologiju povezivanja, trgovci \u201csami hostuju\u201d svoju stranicu za pla\u0107anje, uz potpunu slobodu u dizajnu i formatu stranice, istovremeno ispunjavaju\u0107i PCI zahteve. Na\u0161 cilj je da damo programerima lako razumljivu dokumentaciju i omogu\u0107imo \u0161to jednostavniju integraciju bez potrebe da oni brinu o standardima bezbednosti, PCI kompatibilnosti, ve\u0107 da to prepuste nama.\t\t\t\t\t\t\t\t<\/div>\n\t\t\t\t<\/div>\n\t\t\t\t\t<\/div>\n\t\t<\/div>\n\t\t\t\t\t<\/div>\n\t\t<\/section>\n\t\t\t\t<section class=\"elementor-section elementor-top-section elementor-element elementor-element-88fc13c elementor-section-boxed elementor-section-height-default elementor-section-height-default elementor-invisible\" data-id=\"88fc13c\" data-element_type=\"section\" data-settings=\"{&quot;animation&quot;:&quot;fadeInLeft&quot;}\">\n\t\t\t\t\t\t<div class=\"elementor-container elementor-column-gap-default\">\n\t\t\t\t\t<div class=\"elementor-column elementor-col-100 elementor-top-column elementor-element elementor-element-a6dd5de\" data-id=\"a6dd5de\" data-element_type=\"column\">\n\t\t\t<div class=\"elementor-widget-wrap elementor-element-populated\">\n\t\t\t\t\t\t<div class=\"elementor-element elementor-element-63cffe6 elementor-widget elementor-widget-html\" data-id=\"63cffe6\" data-element_type=\"widget\" data-widget_type=\"html.default\">\n\t\t\t\t<div class=\"elementor-widget-container\">\n\t\t\t\t\t<a name=\"allsecure-exchange\"><\/a>\t\t\t\t<\/div>\n\t\t\t\t<\/div>\n\t\t\t\t<div class=\"elementor-element elementor-element-490344c elementor-invisible elementor-widget elementor-widget-saasland_main_features\" data-id=\"490344c\" data-element_type=\"widget\" data-settings=\"{&quot;_animation&quot;:&quot;fadeInLeft&quot;}\" data-widget_type=\"saasland_main_features.default\">\n\t\t\t\t<div class=\"elementor-widget-container\">\n\t\t\t\t\t<section class=\"hosting_service_area sec_pad\">\r\n    <div class=\"container\">\r\n        <div class=\"hosting_title text-center\">\r\n                        <h3 class=\"sl_color_s wow fadeInUp\" data-wow-delay=\"0.3s\">\r\n            Exchange Platforma        <\/h3>\r\n                            <p class=\"wow fadeInUp\" data-wow-delay=\"0.5s\">\r\n                Exchange Platforma pru\u017ea \u0161irok spektar opcija za elegantnu, konzistentnu integraciju pla\u0107anja sa fokusom na maksimalnom korisni\u010dkom iskustvu tokom procesa pla\u0107anja. Kontaktirajte nas za informaciju na koje sve banke \/ prihvatioce je povezana ova platforma.            <\/p>\r\n            <\/div>\r\n    <div class=\"container\">\r\n        <div class=\"row\">\r\n                                <div class=\"col-lg-4 col-sm-6 elementor-repeater-item-d18b534\">\r\n                        <div class=\"hosting_service_item\">\r\n                            <div class=\"icon\">\r\n                                <img decoding=\"async\" width=\"64\" height=\"64\" src=\"https:\/\/new.allsecure.rs\/wp-content\/uploads\/2021\/04\/icon-embed-card-2.png\" class=\"attachment-full size-full\" alt=\"plugins\" \/>                            <\/div>\r\n                                                             <a href=\"https:\/\/asxgw.com\/documentation\/gateway#payment-js-javascript-integration\">                                 <h3 class=\"h_head\"> Hostovana Polja <\/h3>\r\n                                 <\/a>                                                                                         <p>Dozvolite svom kupcu da podatke sa kartice unese u formu bez napu\u0161tanja va\u0161eg sajta. Kompletan va\u0161 vizuelni dizajn i korisni\u010dko iskustvo ostaje netaknuto bez kompromisa kada je re\u010d o bezbednosti i PCI standardizaciji.<\/p>\n                                                    <\/div>\r\n                    <\/div>\r\n                                        <div class=\"col-lg-4 col-sm-6 elementor-repeater-item-1893838\">\r\n                        <div class=\"hosting_service_item\">\r\n                            <div class=\"icon\">\r\n                                <img decoding=\"async\" width=\"64\" height=\"64\" src=\"https:\/\/new.allsecure.rs\/wp-content\/uploads\/2021\/04\/icon-tokenize.png\" class=\"attachment-full size-full\" alt=\"\" \/>                            <\/div>\r\n                                                             <a href=\"https:\/\/asxgw.com\/documentation\/gateway#recurring-transactions\">                                 <h3 class=\"h_head\"> Card on File <\/h3>\r\n                                 <\/a>                                                                                         <p>Potpuno od banaka nezavisni i sertifikovani Exchange Vault omogu\u0107uje da se osetljivi karti\u010dni podaci kupaca \u010duvaju i tokenizuju za kasnije kori\u0161\u0107enje putem card-on-file ili ponavljaju\u0107ih pla\u0107anja.<\/p>\n                                                    <\/div>\r\n                    <\/div>\r\n                                        <div class=\"col-lg-4 col-sm-6 elementor-repeater-item-2fcdd63\">\r\n                        <div class=\"hosting_service_item\">\r\n                            <div class=\"icon\">\r\n                                <img loading=\"lazy\" decoding=\"async\" width=\"64\" height=\"64\" src=\"https:\/\/new.allsecure.rs\/wp-content\/uploads\/2021\/04\/icon-web-plugin.png\" class=\"attachment-full size-full\" alt=\"\" \/>                            <\/div>\r\n                                                             <a href=\"https:\/\/github.com\/allsecure-pay\">                                 <h3 class=\"h_head\"> Moduli &amp; SDK <\/h3>\r\n                                 <\/a>                                                                                         <p>Mo\u017eete prona\u0107i veliki broj kako interno razvijenih \"open source\", tako i komercijalnih modula za razli\u010dite \u0161oping karte. Pored toga, imate pristup besplatnim SDK za mobilne aplikacije i druga okru\u017eenja.<\/p>\n                                                    <\/div>\r\n                    <\/div>\r\n                            <\/div>\r\n    <\/div>\r\n<\/section>\t\t\t\t<\/div>\n\t\t\t\t<\/div>\n\t\t\t\t\t<\/div>\n\t\t<\/div>\n\t\t\t\t\t<\/div>\n\t\t<\/section>\n\t\t\t\t<section class=\"elementor-section elementor-top-section elementor-element elementor-element-4bc9379 elementor-section-boxed elementor-section-height-default elementor-section-height-default\" data-id=\"4bc9379\" data-element_type=\"section\">\n\t\t\t\t\t\t<div class=\"elementor-container elementor-column-gap-default\">\n\t\t\t\t\t<div class=\"elementor-column elementor-col-100 elementor-top-column elementor-element elementor-element-93e0289\" data-id=\"93e0289\" data-element_type=\"column\">\n\t\t\t<div class=\"elementor-widget-wrap elementor-element-populated\">\n\t\t\t\t\t\t<div class=\"elementor-element elementor-element-4d6d7f2 elementor-widget-divider--view-line_icon elementor-view-default elementor-widget-divider--element-align-center elementor-widget elementor-widget-divider\" data-id=\"4d6d7f2\" data-element_type=\"widget\" data-widget_type=\"divider.default\">\n\t\t\t\t<div class=\"elementor-widget-container\">\n\t\t\t\t\t\t\t<div class=\"elementor-divider\">\n\t\t\t<span class=\"elementor-divider-separator\">\n\t\t\t\t\t\t\t<div class=\"elementor-icon elementor-divider__element\">\n\t\t\t\t\t<i aria-hidden=\"true\" class=\"dlicon dlicon-arrow-2-down-black\"><\/i><\/div>\n\t\t\t\t\t\t<\/span>\n\t\t<\/div>\n\t\t\t\t\t\t<\/div>\n\t\t\t\t<\/div>\n\t\t\t\t\t<\/div>\n\t\t<\/div>\n\t\t\t\t\t<\/div>\n\t\t<\/section>\n\t\t\t\t<section class=\"elementor-section elementor-top-section elementor-element elementor-element-76a4df5 elementor-section-boxed elementor-section-height-default elementor-section-height-default elementor-invisible\" data-id=\"76a4df5\" data-element_type=\"section\" data-settings=\"{&quot;animation&quot;:&quot;fadeInRight&quot;}\">\n\t\t\t\t\t\t<div class=\"elementor-container elementor-column-gap-default\">\n\t\t\t\t\t<div class=\"elementor-column elementor-col-100 elementor-top-column elementor-element elementor-element-2727db1\" data-id=\"2727db1\" data-element_type=\"column\">\n\t\t\t<div class=\"elementor-widget-wrap elementor-element-populated\">\n\t\t\t\t\t\t<div class=\"elementor-element elementor-element-10d7c08 elementor-widget elementor-widget-html\" data-id=\"10d7c08\" data-element_type=\"widget\" data-widget_type=\"html.default\">\n\t\t\t\t<div class=\"elementor-widget-container\">\n\t\t\t\t\t<a name=\"allsecure-opp\"><\/a>\t\t\t\t<\/div>\n\t\t\t\t<\/div>\n\t\t\t\t<div class=\"elementor-element elementor-element-ff02e79 elementor-invisible elementor-widget elementor-widget-saasland_main_features\" data-id=\"ff02e79\" data-element_type=\"widget\" data-settings=\"{&quot;_animation&quot;:&quot;fadeInLeft&quot;}\" data-widget_type=\"saasland_main_features.default\">\n\t\t\t\t<div class=\"elementor-widget-container\">\n\t\t\t\t\t<section class=\"hosting_service_area sec_pad\">\r\n    <div class=\"container\">\r\n        <div class=\"hosting_title text-center\">\r\n                        <h3 class=\"sl_color_s wow fadeInUp\" data-wow-delay=\"0.3s\">\r\n            Open Payment Platform        <\/h3>\r\n                            <p class=\"wow fadeInUp\" data-wow-delay=\"0.5s\">\r\n                Na\u0161a Open Payment Platforma predstavlja jedinstven RESTful API kroz koji imate pristup celom spektru funkcionalnosti. Molimo vas da nas kontaktirate za listu banaka \/ prihvatilaca na koje je ova platforma povezana.            <\/p>\r\n            <\/div>\r\n    <div class=\"container\">\r\n        <div class=\"row\">\r\n                                <div class=\"col-lg-4 col-sm-6 elementor-repeater-item-d18b534\">\r\n                        <div class=\"hosting_service_item\">\r\n                            <div class=\"icon\">\r\n                                <img loading=\"lazy\" decoding=\"async\" width=\"64\" height=\"64\" src=\"https:\/\/new.allsecure.rs\/wp-content\/uploads\/2021\/04\/icon-embed-card-1.png\" class=\"attachment-full size-full\" alt=\"\" \/>                            <\/div>\r\n                                                             <a href=\"https:\/\/allsecure.docs.oppwa.com\/tutorials\/integration-guide\">                                 <h3 class=\"h_head\"> SecurePay <\/h3>\r\n                                 <\/a>                                                                                         <p>JavaScript Widget za pla\u0107anje SecurePay je SAQ-A uskla\u0111eno re\u0161enje za ugra\u0111enu formu za unos podataka sa kartice. <\/p>\n                                                    <\/div>\r\n                    <\/div>\r\n                                        <div class=\"col-lg-4 col-sm-6 elementor-repeater-item-1893838\">\r\n                        <div class=\"hosting_service_item\">\r\n                            <div class=\"icon\">\r\n                                <img loading=\"lazy\" decoding=\"async\" width=\"64\" height=\"64\" src=\"https:\/\/new.allsecure.rs\/wp-content\/uploads\/2021\/04\/icon-backoffice.png\" class=\"attachment-full size-full\" alt=\"\" \/>                            <\/div>\r\n                                                             <a href=\"https:\/\/allsecure.docs.oppwa.com\/tutorials\/manage-payments\/backoffice\">                                 <h3 class=\"h_head\"> Back-Office Integracija <\/h3>\r\n                                 <\/a>                                                                                         <p>Osim klasi\u010dnih pla\u0107anja, mo\u017eete integrisati i razli\u010dite vrste administrativnih operacija kao \u0161to su Capture, Void, Refund... <\/p>\n                                                    <\/div>\r\n                    <\/div>\r\n                                        <div class=\"col-lg-4 col-sm-6 elementor-repeater-item-2fcdd63\">\r\n                        <div class=\"hosting_service_item\">\r\n                            <div class=\"icon\">\r\n                                <img loading=\"lazy\" decoding=\"async\" width=\"64\" height=\"64\" src=\"https:\/\/new.allsecure.rs\/wp-content\/uploads\/2021\/04\/icon-direct.png\" class=\"attachment-full size-full\" alt=\"direct api\" \/>                            <\/div>\r\n                                                             <a href=\"https:\/\/allsecure.docs.oppwa.com\/tutorials\/server-to-server\">                                 <h3 class=\"h_head\"> Direktna Integracija <\/h3>\r\n                                 <\/a>                                                                                         <p>Na\u0161 Server-to-Server API omogu\u0107uje prihvat pla\u0107anja integrisano direktno sa va\u0161eg sistema, pod pretpostavkom da je on PCI Sertifikovan.<\/p>\n                                                    <\/div>\r\n                    <\/div>\r\n                            <\/div>\r\n    <\/div>\r\n<\/section>\t\t\t\t<\/div>\n\t\t\t\t<\/div>\n\t\t\t\t\t<\/div>\n\t\t<\/div>\n\t\t\t\t\t<\/div>\n\t\t<\/section>\n\t\t\t\t<\/div>\n\t\t","protected":false},"excerpt":{"rendered":"<p>API Dokumentacija Dokumentacija za Integraciju sa AllSecure Platformama Exchange Platform Open Platform Brza i Jednostavna Integracija Pla\u0107anja Potrebno vam je da uradite integraciju pla\u0107anja u internet prodavnicu ili mobilnu aplikaciju? Neophodni su vam izve\u0161taji o ranijim transakcijama? \u017delite da omogu\u0107ite kompletiranje ili otkazivanje transakcija direktno iz svog sistema? Sve ovo, i jo\u0161 puno toga, mogu\u0107e&#8230;<\/p>\n","protected":false},"author":1,"featured_media":0,"parent":2569,"menu_order":0,"comment_status":"closed","ping_status":"closed","template":"elementor_header_footer","meta":{"_acf_changed":false,"footnotes":""},"class_list":["post-2577","page","type-page","status-publish","hentry","no-post-thumbnail"],"acf":[],"yoast_head":"<!-- This site is optimized with the Yoast SEO Premium plugin v24.5 (Yoast SEO v24.5) - https:\/\/yoast.com\/wordpress\/plugins\/seo\/ -->\n<title>API Dokumentacija - Jednostavna integracija - allsecure.rs<\/title>\n<meta name=\"description\" content=\"API dokumentacija, pluginovi, ekstenzije za \u0161oping kart, sdk za mobilne ure\u0111aje. U\u017eivajte u mogu\u0107nostima povezivanja razli\u010ditih funkcija pla\u0107anja u na\u0161 gateway\" \/>\n<meta name=\"robots\" content=\"noindex, follow, max-snippet:-1, max-image-preview:large, max-video-preview:-1\" \/>\n<meta property=\"og:locale\" content=\"en_US\" \/>\n<meta property=\"og:type\" content=\"article\" \/>\n<meta property=\"og:title\" content=\"Dokumentacija\" \/>\n<meta property=\"og:description\" content=\"API dokumentacija, pluginovi, ekstenzije za \u0161oping kart, sdk za mobilne ure\u0111aje. U\u017eivajte u mogu\u0107nostima povezivanja razli\u010ditih funkcija pla\u0107anja u na\u0161 gateway\" \/>\n<meta property=\"og:url\" content=\"https:\/\/new.allsecure.rs\/?page_id=2577\" \/>\n<meta property=\"og:site_name\" content=\"allsecure.rs\" \/>\n<meta property=\"og:image\" content=\"https:\/\/new.allsecure.rs\/wp-content\/uploads\/2021\/04\/section-api.png\" \/>\n<meta name=\"twitter:card\" content=\"summary_large_image\" \/>\n<meta name=\"twitter:label1\" content=\"Est. reading time\" \/>\n\t<meta name=\"twitter:data1\" content=\"4 minutes\" \/>\n<script type=\"application\/ld+json\" class=\"yoast-schema-graph\">{\"@context\":\"https:\/\/schema.org\",\"@graph\":[{\"@type\":\"WebPage\",\"@id\":\"https:\/\/new.allsecure.rs\/?page_id=2577\",\"url\":\"https:\/\/new.allsecure.rs\/?page_id=2577\",\"name\":\"API Dokumentacija - Jednostavna integracija - allsecure.rs\",\"isPartOf\":{\"@id\":\"https:\/\/new.allsecure.rs\/#website\"},\"primaryImageOfPage\":{\"@id\":\"https:\/\/new.allsecure.rs\/?page_id=2577#primaryimage\"},\"image\":{\"@id\":\"https:\/\/new.allsecure.rs\/?page_id=2577#primaryimage\"},\"thumbnailUrl\":\"https:\/\/new.allsecure.rs\/wp-content\/uploads\/2021\/04\/section-api.png\",\"datePublished\":\"2021-04-20T10:41:43+00:00\",\"description\":\"API dokumentacija, pluginovi, ekstenzije za \u0161oping kart, sdk za mobilne ure\u0111aje. U\u017eivajte u mogu\u0107nostima povezivanja razli\u010ditih funkcija pla\u0107anja u na\u0161 gateway\",\"breadcrumb\":{\"@id\":\"https:\/\/new.allsecure.rs\/?page_id=2577#breadcrumb\"},\"inLanguage\":\"en-US\",\"potentialAction\":[{\"@type\":\"ReadAction\",\"target\":[\"https:\/\/new.allsecure.rs\/?page_id=2577\"]}]},{\"@type\":\"ImageObject\",\"inLanguage\":\"en-US\",\"@id\":\"https:\/\/new.allsecure.rs\/?page_id=2577#primaryimage\",\"url\":\"https:\/\/new.allsecure.rs\/wp-content\/uploads\/2021\/04\/section-api.png\",\"contentUrl\":\"https:\/\/new.allsecure.rs\/wp-content\/uploads\/2021\/04\/section-api.png\",\"width\":527,\"height\":446,\"caption\":\"payment integration\"},{\"@type\":\"BreadcrumbList\",\"@id\":\"https:\/\/new.allsecure.rs\/?page_id=2577#breadcrumb\",\"itemListElement\":[{\"@type\":\"ListItem\",\"position\":1,\"name\":\"Home\",\"item\":\"https:\/\/new.allsecure.rs\/\"},{\"@type\":\"ListItem\",\"position\":2,\"name\":\"Developeri\",\"item\":\"https:\/\/new.allsecure.rs\/?page_id=2569\"},{\"@type\":\"ListItem\",\"position\":3,\"name\":\"Dokumentacija\"}]},{\"@type\":\"WebSite\",\"@id\":\"https:\/\/new.allsecure.rs\/#website\",\"url\":\"https:\/\/new.allsecure.rs\/\",\"name\":\"allsecure.rs\",\"description\":\"\",\"potentialAction\":[{\"@type\":\"SearchAction\",\"target\":{\"@type\":\"EntryPoint\",\"urlTemplate\":\"https:\/\/new.allsecure.rs\/?s={search_term_string}\"},\"query-input\":{\"@type\":\"PropertyValueSpecification\",\"valueRequired\":true,\"valueName\":\"search_term_string\"}}],\"inLanguage\":\"en-US\"}]}<\/script>\n<!-- \/ Yoast SEO Premium plugin. -->","yoast_head_json":{"title":"API Dokumentacija - Jednostavna integracija - allsecure.rs","description":"API dokumentacija, pluginovi, ekstenzije za \u0161oping kart, sdk za mobilne ure\u0111aje. U\u017eivajte u mogu\u0107nostima povezivanja razli\u010ditih funkcija pla\u0107anja u na\u0161 gateway","robots":{"index":"noindex","follow":"follow","max-snippet":"max-snippet:-1","max-image-preview":"max-image-preview:large","max-video-preview":"max-video-preview:-1"},"og_locale":"en_US","og_type":"article","og_title":"Dokumentacija","og_description":"API dokumentacija, pluginovi, ekstenzije za \u0161oping kart, sdk za mobilne ure\u0111aje. U\u017eivajte u mogu\u0107nostima povezivanja razli\u010ditih funkcija pla\u0107anja u na\u0161 gateway","og_url":"https:\/\/new.allsecure.rs\/?page_id=2577","og_site_name":"allsecure.rs","og_image":[{"url":"https:\/\/new.allsecure.rs\/wp-content\/uploads\/2021\/04\/section-api.png","type":"","width":"","height":""}],"twitter_card":"summary_large_image","twitter_misc":{"Est. reading time":"4 minutes"},"schema":{"@context":"https:\/\/schema.org","@graph":[{"@type":"WebPage","@id":"https:\/\/new.allsecure.rs\/?page_id=2577","url":"https:\/\/new.allsecure.rs\/?page_id=2577","name":"API Dokumentacija - Jednostavna integracija - allsecure.rs","isPartOf":{"@id":"https:\/\/new.allsecure.rs\/#website"},"primaryImageOfPage":{"@id":"https:\/\/new.allsecure.rs\/?page_id=2577#primaryimage"},"image":{"@id":"https:\/\/new.allsecure.rs\/?page_id=2577#primaryimage"},"thumbnailUrl":"https:\/\/new.allsecure.rs\/wp-content\/uploads\/2021\/04\/section-api.png","datePublished":"2021-04-20T10:41:43+00:00","description":"API dokumentacija, pluginovi, ekstenzije za \u0161oping kart, sdk za mobilne ure\u0111aje. U\u017eivajte u mogu\u0107nostima povezivanja razli\u010ditih funkcija pla\u0107anja u na\u0161 gateway","breadcrumb":{"@id":"https:\/\/new.allsecure.rs\/?page_id=2577#breadcrumb"},"inLanguage":"en-US","potentialAction":[{"@type":"ReadAction","target":["https:\/\/new.allsecure.rs\/?page_id=2577"]}]},{"@type":"ImageObject","inLanguage":"en-US","@id":"https:\/\/new.allsecure.rs\/?page_id=2577#primaryimage","url":"https:\/\/new.allsecure.rs\/wp-content\/uploads\/2021\/04\/section-api.png","contentUrl":"https:\/\/new.allsecure.rs\/wp-content\/uploads\/2021\/04\/section-api.png","width":527,"height":446,"caption":"payment integration"},{"@type":"BreadcrumbList","@id":"https:\/\/new.allsecure.rs\/?page_id=2577#breadcrumb","itemListElement":[{"@type":"ListItem","position":1,"name":"Home","item":"https:\/\/new.allsecure.rs\/"},{"@type":"ListItem","position":2,"name":"Developeri","item":"https:\/\/new.allsecure.rs\/?page_id=2569"},{"@type":"ListItem","position":3,"name":"Dokumentacija"}]},{"@type":"WebSite","@id":"https:\/\/new.allsecure.rs\/#website","url":"https:\/\/new.allsecure.rs\/","name":"allsecure.rs","description":"","potentialAction":[{"@type":"SearchAction","target":{"@type":"EntryPoint","urlTemplate":"https:\/\/new.allsecure.rs\/?s={search_term_string}"},"query-input":{"@type":"PropertyValueSpecification","valueRequired":true,"valueName":"search_term_string"}}],"inLanguage":"en-US"}]}},"_links":{"self":[{"href":"https:\/\/new.allsecure.rs\/index.php?rest_route=\/wp\/v2\/pages\/2577","targetHints":{"allow":["GET"]}}],"collection":[{"href":"https:\/\/new.allsecure.rs\/index.php?rest_route=\/wp\/v2\/pages"}],"about":[{"href":"https:\/\/new.allsecure.rs\/index.php?rest_route=\/wp\/v2\/types\/page"}],"author":[{"embeddable":true,"href":"https:\/\/new.allsecure.rs\/index.php?rest_route=\/wp\/v2\/users\/1"}],"replies":[{"embeddable":true,"href":"https:\/\/new.allsecure.rs\/index.php?rest_route=%2Fwp%2Fv2%2Fcomments&post=2577"}],"version-history":[{"count":0,"href":"https:\/\/new.allsecure.rs\/index.php?rest_route=\/wp\/v2\/pages\/2577\/revisions"}],"up":[{"embeddable":true,"href":"https:\/\/new.allsecure.rs\/index.php?rest_route=\/wp\/v2\/pages\/2569"}],"wp:attachment":[{"href":"https:\/\/new.allsecure.rs\/index.php?rest_route=%2Fwp%2Fv2%2Fmedia&parent=2577"}],"curies":[{"name":"wp","href":"https:\/\/api.w.org\/{rel}","templated":true}]}}