{"id":2569,"date":"2021-04-20T12:15:01","date_gmt":"2021-04-20T10:15:01","guid":{"rendered":"https:\/\/www.allsecure.eu\/developers\/"},"modified":"2021-04-20T12:15:01","modified_gmt":"2021-04-20T10:15:01","slug":"help-desk","status":"publish","type":"page","link":"https:\/\/new.allsecure.rs\/?page_id=2569","title":{"rendered":"Developeri"},"content":{"rendered":"\t\t<div data-elementor-type=\"wp-page\" data-elementor-id=\"2569\" class=\"elementor elementor-2569\">\n\t\t\t\t\t\t<section class=\"elementor-section elementor-top-section elementor-element elementor-element-8a27879 elementor-section-full_width elementor-section-height-default elementor-section-height-default\" data-id=\"8a27879\" data-element_type=\"section\">\n\t\t\t\t\t\t<div class=\"elementor-container elementor-column-gap-no\">\n\t\t\t\t\t<div class=\"elementor-column elementor-col-100 elementor-top-column elementor-element elementor-element-3833e72\" data-id=\"3833e72\" data-element_type=\"column\">\n\t\t\t<div class=\"elementor-widget-wrap elementor-element-populated\">\n\t\t\t\t\t\t<div class=\"elementor-element elementor-element-c24750e elementor-widget elementor-widget-saasland_hero\" data-id=\"c24750e\" data-element_type=\"widget\" data-widget_type=\"saasland_hero.default\">\n\t\t\t\t<div class=\"elementor-widget-container\">\n\t\t\t\t\t<section class=\"home_analytics_banner_area\">\r\n    <div class=\"elements\">\r\n                                                    <\/div>\r\n    <div class=\"container\">\r\n        <div class=\"row align-items-center\">\r\n            <div class=\"col-lg-6\">\r\n                <div class=\"h_analytics_content\">\r\n                                            <h1 class=\"typewrite_title saasland_html_class_color\">\r\n                            PORTAL PODR\u0160KE TRGOVCIMA                        <\/h1>\r\n                                        <p>Svi neophodni resursi<\/br> za integraciju pla\u0107anja<\/p>\n                                    <\/div>\r\n            <\/div>\r\n            <div class=\"col-lg-6\">\r\n                <div class=\"h_analytices_img\">\r\n                    <img fetchpriority=\"high\" decoding=\"async\" width=\"500\" height=\"500\" src=\"https:\/\/new.allsecure.rs\/wp-content\/uploads\/2021\/04\/section-helpdesk.png\" class=\"attachment-full size-full\" alt=\"helpdesk\" srcset=\"https:\/\/new.allsecure.rs\/wp-content\/uploads\/2021\/04\/section-helpdesk.png 500w, https:\/\/new.allsecure.rs\/wp-content\/uploads\/2021\/04\/section-helpdesk-300x300.png 300w, https:\/\/new.allsecure.rs\/wp-content\/uploads\/2021\/04\/section-helpdesk-150x150.png 150w, https:\/\/new.allsecure.rs\/wp-content\/uploads\/2021\/04\/section-helpdesk-80x80.png 80w, https:\/\/new.allsecure.rs\/wp-content\/uploads\/2021\/04\/section-helpdesk-70x70.png 70w, https:\/\/new.allsecure.rs\/wp-content\/uploads\/2021\/04\/section-helpdesk-100x100.png 100w, https:\/\/new.allsecure.rs\/wp-content\/uploads\/2021\/04\/section-helpdesk-480x480.png 480w, https:\/\/new.allsecure.rs\/wp-content\/uploads\/2021\/04\/section-helpdesk-370x370.png 370w, https:\/\/new.allsecure.rs\/wp-content\/uploads\/2021\/04\/section-helpdesk-75x75.png 75w\" sizes=\"(max-width: 500px) 100vw, 500px\" \/>                <\/div>\r\n            <\/div>\r\n        <\/div>\r\n    <\/div>\r\n<\/section>\r\n\r\n\t\t\t\t<\/div>\n\t\t\t\t<\/div>\n\t\t\t\t\t<\/div>\n\t\t<\/div>\n\t\t\t\t\t<\/div>\n\t\t<\/section>\n\t\t\t\t<section class=\"elementor-section elementor-top-section elementor-element elementor-element-0f84582 elementor-section-boxed elementor-section-height-default elementor-section-height-default\" data-id=\"0f84582\" data-element_type=\"section\" data-settings=\"{&quot;background_background&quot;:&quot;classic&quot;}\">\n\t\t\t\t\t\t<div class=\"elementor-container elementor-column-gap-default\">\n\t\t\t\t\t<div class=\"elementor-column elementor-col-100 elementor-top-column elementor-element elementor-element-14179e5\" data-id=\"14179e5\" data-element_type=\"column\">\n\t\t\t<div class=\"elementor-widget-wrap elementor-element-populated\">\n\t\t\t\t\t\t<div class=\"elementor-element elementor-element-6279876 elementor-widget elementor-widget-Saasland_heading\" data-id=\"6279876\" data-element_type=\"widget\" data-widget_type=\"Saasland_heading.default\">\n\t\t\t\t<div class=\"elementor-widget-container\">\n\t\t\t\t\t<div class=\"heading_wrap d-flex justify-content-start\"><h2 class=\"saasland_heading\" >Upravljajte svojim pla\u0107anjima na najoptimalniji na\u010din<\/h2><\/div>\t\t\t\t<\/div>\n\t\t\t\t<\/div>\n\t\t\t\t<div class=\"elementor-element elementor-element-28b1e71 elementor-widget elementor-widget-text-editor\" data-id=\"28b1e71\" data-element_type=\"widget\" data-widget_type=\"text-editor.default\">\n\t\t\t\t<div class=\"elementor-widget-container\">\n\t\t\t\t\t\t\t\t\t<p>Centralno mesto u na\u0161em poslu je pomo\u0107 i podr\u0161ka trgovcima, kako sada\u0161njim tako i budu\u0107im korisnicima, a kako bi oni izvukli maksimum iz svoje platforme i uspe\u0161no poslovali na internetu. Uz podr\u0161ku postoje\u0107im trgovcima pri integraciji (povezivanju) na na\u0161 sistem, podr\u0161ka obuhvata odgovore na mnoga druga pitanja koja se javljaju nakon pu\u0161tanja online prodavnice u produkciju. Budu\u0107i korisnici mogu od na\u0161eg sektora prodaje, kao i kroz uvek dostupan <a href=\"https:\/\/help.allsecure.xyz\/sr-latn-rs\" target=\"_blank\" rel=\"noopener\">help-desk<\/a>, dobiti odgovore na pitanja vezana za funkcionalnosti i uslove kori\u0161\u0107enja na\u0161ih usluga.<\/p>\t\t\t\t\t\t\t\t<\/div>\n\t\t\t\t<\/div>\n\t\t\t\t\t<\/div>\n\t\t<\/div>\n\t\t\t\t\t<\/div>\n\t\t<\/section>\n\t\t\t\t<section class=\"elementor-section elementor-top-section elementor-element elementor-element-f4c5353 elementor-section-boxed elementor-section-height-default elementor-section-height-default\" data-id=\"f4c5353\" data-element_type=\"section\">\n\t\t\t\t\t\t<div class=\"elementor-container elementor-column-gap-default\">\n\t\t\t\t\t<div class=\"elementor-column elementor-col-100 elementor-top-column elementor-element elementor-element-d29c5b6\" data-id=\"d29c5b6\" data-element_type=\"column\">\n\t\t\t<div class=\"elementor-widget-wrap elementor-element-populated\">\n\t\t\t\t\t\t<div class=\"elementor-element elementor-element-da6523f elementor-widget elementor-widget-html\" data-id=\"da6523f\" data-element_type=\"widget\" data-widget_type=\"html.default\">\n\t\t\t\t<div class=\"elementor-widget-container\">\n\t\t\t\t\t<script id=\"zammad_form_script\" src=\"https:\/\/support.allsecure.xyz\/assets\/form\/form.js\"><\/script>\r\n\r\n<script>\r\n$(function() {\r\n  $('#feedback-form').ZammadForm({\r\n    messageTitle: 'Tech Support',\r\n    messageSubmit: 'Submit',\r\n    messageThankYou: 'Thank you for your inquiry. Your support ticket (#%s) will be answered as soon as possible.',\r\n    debug: true,\r\n    showTitle: true,\r\n    modal: true,\r\n  });\r\n});\r\n<\/script>\r\n<style>\r\n    .zammad-form-modal-body {\r\n        background: #f2f2f2;\r\n    }\r\n    .zammad-form h1, .zammad-form h2 {\r\n        color: var( --e-global-color-d2d05c3 );\r\n        font-family: var( --e-global-typography-secondary-font-family ), Sans-serif;\r\n    }\r\n    .zammad-form label {\r\n        font-size: 1.1em;\r\n        display: block;\r\n        margin-bottom: 5px;\r\n        font-family: var( --e-global-typography-text-font-family ), Sans-serif;\r\n    }\r\n    .zammad-form input, textarea {\r\n        font-family: var( --e-global-typography-text-font-family ), Sans-serif;\r\n        color: #222d39;\r\n        border: 1px solid #ddd;\r\n        padding: 5px 10px;\r\n    }\r\n    .zammad-form button {\r\n        background: var( --e-global-color-80b4046 );\r\n        color: white;\r\n        border-radius: 3px;\r\n        border: 1px solid transparent;\r\n        font-family: var( --e-global-typography-accent-font-family ), Sans-serif;\r\n        transition: color .15s ease-in-out,background-color .15s ease-in-out,border-color .15s ease-in-out,box-shadow .15s ease-in-out;\r\n        height: 50px;\r\n        width: 100%;\r\n    }\r\n    .zammad-form button:hover {\r\n        border: 1px solid var( --e-global-color-80b4046 );\r\n        color: var( --e-global-color-80b4046 );\r\n    }    \r\n<\/style>\r\n\t\t\t\t<\/div>\n\t\t\t\t<\/div>\n\t\t\t\t\t<\/div>\n\t\t<\/div>\n\t\t\t\t\t<\/div>\n\t\t<\/section>\n\t\t\t\t<section class=\"elementor-section elementor-top-section elementor-element elementor-element-eb70a07 elementor-section-boxed elementor-section-height-default elementor-section-height-default\" data-id=\"eb70a07\" data-element_type=\"section\">\n\t\t\t\t\t\t<div class=\"elementor-container elementor-column-gap-default\">\n\t\t\t\t\t<div class=\"elementor-column elementor-col-100 elementor-top-column elementor-element elementor-element-f97784e\" data-id=\"f97784e\" data-element_type=\"column\">\n\t\t\t<div class=\"elementor-widget-wrap elementor-element-populated\">\n\t\t\t\t\t\t<section class=\"elementor-section elementor-inner-section elementor-element elementor-element-1b832a1 elementor-section-boxed elementor-section-height-default elementor-section-height-default\" data-id=\"1b832a1\" data-element_type=\"section\">\n\t\t\t\t\t\t<div class=\"elementor-container elementor-column-gap-default\">\n\t\t\t\t\t<div class=\"elementor-column elementor-col-33 elementor-inner-column elementor-element elementor-element-e110b80\" data-id=\"e110b80\" data-element_type=\"column\">\n\t\t\t<div class=\"elementor-widget-wrap elementor-element-populated\">\n\t\t\t\t\t\t<div class=\"elementor-element elementor-element-5d07d6c elementor-position-top elementor-widget elementor-widget-image-box\" data-id=\"5d07d6c\" data-element_type=\"widget\" data-widget_type=\"image-box.default\">\n\t\t\t\t<div class=\"elementor-widget-container\">\n\t\t\t\t\t<div class=\"elementor-image-box-wrapper\"><figure class=\"elementor-image-box-img\"><img decoding=\"async\" width=\"64\" height=\"64\" src=\"https:\/\/new.allsecure.rs\/wp-content\/uploads\/2021\/04\/icon-research.png\" class=\"elementor-animation-grow attachment-full size-full wp-image-1031\" alt=\"knowledge base\" \/><\/figure><div class=\"elementor-image-box-content\"><h4 class=\"elementor-image-box-title\">Baza Znanja<\/h4><p class=\"elementor-image-box-description\">Kolekcija odgovora na \u010desta pitanja i povezana uputstva koja poma\u017eu u radu sa na\u0161om platfomom.<br>\n<a href=\"https:\/\/help.allsecure.xyz\/\" class=\"learn_btn\">Prona\u0111ite odgovor  <i class=\"ti-arrow-right\"><\/i> <\/a><\/p><\/div><\/div>\t\t\t\t<\/div>\n\t\t\t\t<\/div>\n\t\t\t\t\t<\/div>\n\t\t<\/div>\n\t\t\t\t<div class=\"elementor-column elementor-col-33 elementor-inner-column elementor-element elementor-element-cb76817\" data-id=\"cb76817\" data-element_type=\"column\">\n\t\t\t<div class=\"elementor-widget-wrap elementor-element-populated\">\n\t\t\t\t\t\t<div class=\"elementor-element elementor-element-562ee19 elementor-position-top elementor-widget elementor-widget-image-box\" data-id=\"562ee19\" data-element_type=\"widget\" data-widget_type=\"image-box.default\">\n\t\t\t\t<div class=\"elementor-widget-container\">\n\t\t\t\t\t<div class=\"elementor-image-box-wrapper\"><figure class=\"elementor-image-box-img\"><img decoding=\"async\" width=\"64\" height=\"64\" src=\"https:\/\/new.allsecure.rs\/wp-content\/uploads\/2021\/04\/icon-support.png\" class=\"elementor-animation-grow attachment-full size-full wp-image-1032\" alt=\"online support services\" \/><\/figure><div class=\"elementor-image-box-content\"><h4 class=\"elementor-image-box-title\">Online Podr\u0161ka<\/h4><p class=\"elementor-image-box-description\">Niste prona\u0161li zadovoljavaju\u0107i odgovor? Potrebna vam je na\u0161a asistencija? Pitajte na\u0161eg operatera.<br>\n<a href=\"#\" class=\"learn_btn open-zammad-chat\"><span  id=\"feedback-form\">Postavite pitanje<i class=\"ti-arrow-right\"><\/i> <\/span><\/a><\/p><\/div><\/div>\t\t\t\t<\/div>\n\t\t\t\t<\/div>\n\t\t\t\t\t<\/div>\n\t\t<\/div>\n\t\t\t\t<div class=\"elementor-column elementor-col-33 elementor-inner-column elementor-element elementor-element-d02e89f\" data-id=\"d02e89f\" data-element_type=\"column\">\n\t\t\t<div class=\"elementor-widget-wrap elementor-element-populated\">\n\t\t\t\t\t\t<div class=\"elementor-element elementor-element-ce12b8c elementor-position-top elementor-widget elementor-widget-image-box\" data-id=\"ce12b8c\" data-element_type=\"widget\" data-widget_type=\"image-box.default\">\n\t\t\t\t<div class=\"elementor-widget-container\">\n\t\t\t\t\t<div class=\"elementor-image-box-wrapper\"><figure class=\"elementor-image-box-img\"><a href=\"https:\/\/www.allsecure.rs\/help-desk\/api\/\" tabindex=\"-1\"><img loading=\"lazy\" decoding=\"async\" width=\"64\" height=\"64\" src=\"https:\/\/new.allsecure.rs\/wp-content\/uploads\/2021\/04\/icon-api.png\" class=\"elementor-animation-grow attachment-full size-full wp-image-1033\" alt=\"documentation\" \/><\/a><\/figure><div class=\"elementor-image-box-content\"><h4 class=\"elementor-image-box-title\"><a href=\"https:\/\/www.allsecure.rs\/help-desk\/api\/\">API Dokumentacija<\/a><\/h4><p class=\"elementor-image-box-description\">Online portal koji sadr\u017ei dokumentaciju i primere za razli\u010dite vrste integracija u na\u0161u platformu.<br>\n<a href=\"http:\/\/www.allsecure.rs\/help-desk\/api\/\" class=\"learn_btn\">Pregledajte dokumentaciju  <i class=\"ti-arrow-right\"><\/i> <\/a><\/p><\/div><\/div>\t\t\t\t<\/div>\n\t\t\t\t<\/div>\n\t\t\t\t\t<\/div>\n\t\t<\/div>\n\t\t\t\t\t<\/div>\n\t\t<\/section>\n\t\t\t\t\t<\/div>\n\t\t<\/div>\n\t\t\t\t\t<\/div>\n\t\t<\/section>\n\t\t\t\t<\/div>\n\t\t","protected":false},"excerpt":{"rendered":"<p>PORTAL PODR\u0160KE TRGOVCIMA Svi neophodni resursi za integraciju pla\u0107anja Upravljajte svojim pla\u0107anjima na najoptimalniji na\u010din Centralno mesto u na\u0161em poslu je pomo\u0107 i podr\u0161ka trgovcima, kako sada\u0161njim tako i budu\u0107im korisnicima, a kako bi oni izvukli maksimum iz svoje platforme i uspe\u0161no poslovali na internetu. Uz podr\u0161ku postoje\u0107im trgovcima pri integraciji (povezivanju) na na\u0161 sistem,&#8230;<\/p>\n","protected":false},"author":1,"featured_media":0,"parent":0,"menu_order":0,"comment_status":"closed","ping_status":"closed","template":"elementor_header_footer","meta":{"_acf_changed":false,"footnotes":""},"class_list":["post-2569","page","type-page","status-publish","hentry","no-post-thumbnail"],"acf":[],"yoast_head":"<!-- This site is optimized with the Yoast SEO Premium plugin v24.5 (Yoast SEO v24.5) - https:\/\/yoast.com\/wordpress\/plugins\/seo\/ -->\n<title>Usluga Podr\u0161ke Trgovcima<\/title>\n<meta name=\"description\" content=\"Centralno mesto u na\u0161em poslu je portal podr\u0161ke trgovcima, kako bi oni izvukli maksimum iz svoje platforme i uspe\u0161no poslovali na internetu\" \/>\n<meta name=\"robots\" content=\"noindex, follow, max-snippet:-1, max-image-preview:large, max-video-preview:-1\" \/>\n<meta property=\"og:locale\" content=\"en_US\" \/>\n<meta property=\"og:type\" content=\"article\" \/>\n<meta property=\"og:title\" content=\"Developeri\" \/>\n<meta property=\"og:description\" content=\"Centralno mesto u na\u0161em poslu je portal podr\u0161ke trgovcima, kako bi oni izvukli maksimum iz svoje platforme i uspe\u0161no poslovali na internetu\" \/>\n<meta property=\"og:url\" content=\"https:\/\/new.allsecure.rs\/?page_id=2569\" \/>\n<meta property=\"og:site_name\" content=\"allsecure.rs\" \/>\n<meta property=\"og:image\" content=\"https:\/\/new.allsecure.rs\/wp-content\/uploads\/2021\/04\/section-helpdesk.png\" \/>\n<meta name=\"twitter:card\" content=\"summary_large_image\" \/>\n<meta name=\"twitter:label1\" content=\"Est. reading time\" \/>\n\t<meta name=\"twitter:data1\" content=\"2 minutes\" \/>\n<script type=\"application\/ld+json\" class=\"yoast-schema-graph\">{\"@context\":\"https:\/\/schema.org\",\"@graph\":[{\"@type\":\"WebPage\",\"@id\":\"https:\/\/new.allsecure.rs\/?page_id=2569\",\"url\":\"https:\/\/new.allsecure.rs\/?page_id=2569\",\"name\":\"Usluga Podr\u0161ke Trgovcima\",\"isPartOf\":{\"@id\":\"https:\/\/new.allsecure.rs\/#website\"},\"primaryImageOfPage\":{\"@id\":\"https:\/\/new.allsecure.rs\/?page_id=2569#primaryimage\"},\"image\":{\"@id\":\"https:\/\/new.allsecure.rs\/?page_id=2569#primaryimage\"},\"thumbnailUrl\":\"https:\/\/new.allsecure.rs\/wp-content\/uploads\/2021\/04\/section-helpdesk.png\",\"datePublished\":\"2021-04-20T10:15:01+00:00\",\"description\":\"Centralno mesto u na\u0161em poslu je portal podr\u0161ke trgovcima, kako bi oni izvukli maksimum iz svoje platforme i uspe\u0161no poslovali na internetu\",\"breadcrumb\":{\"@id\":\"https:\/\/new.allsecure.rs\/?page_id=2569#breadcrumb\"},\"inLanguage\":\"en-US\",\"potentialAction\":[{\"@type\":\"ReadAction\",\"target\":[\"https:\/\/new.allsecure.rs\/?page_id=2569\"]}]},{\"@type\":\"ImageObject\",\"inLanguage\":\"en-US\",\"@id\":\"https:\/\/new.allsecure.rs\/?page_id=2569#primaryimage\",\"url\":\"https:\/\/new.allsecure.rs\/wp-content\/uploads\/2021\/04\/section-helpdesk.png\",\"contentUrl\":\"https:\/\/new.allsecure.rs\/wp-content\/uploads\/2021\/04\/section-helpdesk.png\",\"width\":500,\"height\":500,\"caption\":\"helpdesk\"},{\"@type\":\"BreadcrumbList\",\"@id\":\"https:\/\/new.allsecure.rs\/?page_id=2569#breadcrumb\",\"itemListElement\":[{\"@type\":\"ListItem\",\"position\":1,\"name\":\"Home\",\"item\":\"https:\/\/new.allsecure.rs\/\"},{\"@type\":\"ListItem\",\"position\":2,\"name\":\"Developeri\"}]},{\"@type\":\"WebSite\",\"@id\":\"https:\/\/new.allsecure.rs\/#website\",\"url\":\"https:\/\/new.allsecure.rs\/\",\"name\":\"allsecure.rs\",\"description\":\"\",\"potentialAction\":[{\"@type\":\"SearchAction\",\"target\":{\"@type\":\"EntryPoint\",\"urlTemplate\":\"https:\/\/new.allsecure.rs\/?s={search_term_string}\"},\"query-input\":{\"@type\":\"PropertyValueSpecification\",\"valueRequired\":true,\"valueName\":\"search_term_string\"}}],\"inLanguage\":\"en-US\"}]}<\/script>\n<!-- \/ Yoast SEO Premium plugin. -->","yoast_head_json":{"title":"Usluga Podr\u0161ke Trgovcima","description":"Centralno mesto u na\u0161em poslu je portal podr\u0161ke trgovcima, kako bi oni izvukli maksimum iz svoje platforme i uspe\u0161no poslovali na internetu","robots":{"index":"noindex","follow":"follow","max-snippet":"max-snippet:-1","max-image-preview":"max-image-preview:large","max-video-preview":"max-video-preview:-1"},"og_locale":"en_US","og_type":"article","og_title":"Developeri","og_description":"Centralno mesto u na\u0161em poslu je portal podr\u0161ke trgovcima, kako bi oni izvukli maksimum iz svoje platforme i uspe\u0161no poslovali na internetu","og_url":"https:\/\/new.allsecure.rs\/?page_id=2569","og_site_name":"allsecure.rs","og_image":[{"url":"https:\/\/new.allsecure.rs\/wp-content\/uploads\/2021\/04\/section-helpdesk.png","type":"","width":"","height":""}],"twitter_card":"summary_large_image","twitter_misc":{"Est. reading time":"2 minutes"},"schema":{"@context":"https:\/\/schema.org","@graph":[{"@type":"WebPage","@id":"https:\/\/new.allsecure.rs\/?page_id=2569","url":"https:\/\/new.allsecure.rs\/?page_id=2569","name":"Usluga Podr\u0161ke Trgovcima","isPartOf":{"@id":"https:\/\/new.allsecure.rs\/#website"},"primaryImageOfPage":{"@id":"https:\/\/new.allsecure.rs\/?page_id=2569#primaryimage"},"image":{"@id":"https:\/\/new.allsecure.rs\/?page_id=2569#primaryimage"},"thumbnailUrl":"https:\/\/new.allsecure.rs\/wp-content\/uploads\/2021\/04\/section-helpdesk.png","datePublished":"2021-04-20T10:15:01+00:00","description":"Centralno mesto u na\u0161em poslu je portal podr\u0161ke trgovcima, kako bi oni izvukli maksimum iz svoje platforme i uspe\u0161no poslovali na internetu","breadcrumb":{"@id":"https:\/\/new.allsecure.rs\/?page_id=2569#breadcrumb"},"inLanguage":"en-US","potentialAction":[{"@type":"ReadAction","target":["https:\/\/new.allsecure.rs\/?page_id=2569"]}]},{"@type":"ImageObject","inLanguage":"en-US","@id":"https:\/\/new.allsecure.rs\/?page_id=2569#primaryimage","url":"https:\/\/new.allsecure.rs\/wp-content\/uploads\/2021\/04\/section-helpdesk.png","contentUrl":"https:\/\/new.allsecure.rs\/wp-content\/uploads\/2021\/04\/section-helpdesk.png","width":500,"height":500,"caption":"helpdesk"},{"@type":"BreadcrumbList","@id":"https:\/\/new.allsecure.rs\/?page_id=2569#breadcrumb","itemListElement":[{"@type":"ListItem","position":1,"name":"Home","item":"https:\/\/new.allsecure.rs\/"},{"@type":"ListItem","position":2,"name":"Developeri"}]},{"@type":"WebSite","@id":"https:\/\/new.allsecure.rs\/#website","url":"https:\/\/new.allsecure.rs\/","name":"allsecure.rs","description":"","potentialAction":[{"@type":"SearchAction","target":{"@type":"EntryPoint","urlTemplate":"https:\/\/new.allsecure.rs\/?s={search_term_string}"},"query-input":{"@type":"PropertyValueSpecification","valueRequired":true,"valueName":"search_term_string"}}],"inLanguage":"en-US"}]}},"_links":{"self":[{"href":"https:\/\/new.allsecure.rs\/index.php?rest_route=\/wp\/v2\/pages\/2569","targetHints":{"allow":["GET"]}}],"collection":[{"href":"https:\/\/new.allsecure.rs\/index.php?rest_route=\/wp\/v2\/pages"}],"about":[{"href":"https:\/\/new.allsecure.rs\/index.php?rest_route=\/wp\/v2\/types\/page"}],"author":[{"embeddable":true,"href":"https:\/\/new.allsecure.rs\/index.php?rest_route=\/wp\/v2\/users\/1"}],"replies":[{"embeddable":true,"href":"https:\/\/new.allsecure.rs\/index.php?rest_route=%2Fwp%2Fv2%2Fcomments&post=2569"}],"version-history":[{"count":0,"href":"https:\/\/new.allsecure.rs\/index.php?rest_route=\/wp\/v2\/pages\/2569\/revisions"}],"wp:attachment":[{"href":"https:\/\/new.allsecure.rs\/index.php?rest_route=%2Fwp%2Fv2%2Fmedia&parent=2569"}],"curies":[{"name":"wp","href":"https:\/\/api.w.org\/{rel}","templated":true}]}}