{"id":2560,"date":"2021-03-12T12:41:15","date_gmt":"2021-03-12T11:41:15","guid":{"rendered":"https:\/\/www.allsecure.eu\/about\/contact\/"},"modified":"2021-03-12T12:41:15","modified_gmt":"2021-03-12T11:41:15","slug":"kontakt-info","status":"publish","type":"page","link":"https:\/\/new.allsecure.rs\/?page_id=2560","title":{"rendered":"Kontakt Info"},"content":{"rendered":"\t\t<div data-elementor-type=\"wp-page\" data-elementor-id=\"2560\" class=\"elementor elementor-2560\">\n\t\t\t\t\t\t<section class=\"elementor-section elementor-top-section elementor-element elementor-element-8a27879 elementor-section-full_width elementor-section-height-default elementor-section-height-default\" data-id=\"8a27879\" data-element_type=\"section\">\n\t\t\t\t\t\t<div class=\"elementor-container elementor-column-gap-no\">\n\t\t\t\t\t<div class=\"elementor-column elementor-col-100 elementor-top-column elementor-element elementor-element-3833e72\" data-id=\"3833e72\" data-element_type=\"column\">\n\t\t\t<div class=\"elementor-widget-wrap elementor-element-populated\">\n\t\t\t\t\t\t<div class=\"elementor-element elementor-element-c24750e elementor-widget elementor-widget-saasland_hero\" data-id=\"c24750e\" data-element_type=\"widget\" data-widget_type=\"saasland_hero.default\">\n\t\t\t\t<div class=\"elementor-widget-container\">\n\t\t\t\t\t<section class=\"home_analytics_banner_area\">\r\n    <div class=\"elements\">\r\n                                                    <\/div>\r\n    <div class=\"container\">\r\n        <div class=\"row align-items-center\">\r\n            <div class=\"col-lg-6\">\r\n                <div class=\"h_analytics_content\">\r\n                                            <h1 class=\"typewrite_title saasland_html_class_color\">\r\n                            Kontakt Info                        <\/h1>\r\n                                        <p>Ne ustru\u010davajte se da pitate<\/p>\n                                    <\/div>\r\n            <\/div>\r\n            <div class=\"col-lg-6\">\r\n                <div class=\"h_analytices_img\">\r\n                    <img fetchpriority=\"high\" decoding=\"async\" width=\"520\" height=\"396\" src=\"https:\/\/new.allsecure.rs\/wp-content\/uploads\/2021\/03\/section-contact.png\" class=\"attachment-full size-full\" alt=\"contact info\" srcset=\"https:\/\/new.allsecure.rs\/wp-content\/uploads\/2021\/03\/section-contact.png 520w, https:\/\/new.allsecure.rs\/wp-content\/uploads\/2021\/03\/section-contact-300x228.png 300w\" sizes=\"(max-width: 520px) 100vw, 520px\" \/>                <\/div>\r\n            <\/div>\r\n        <\/div>\r\n    <\/div>\r\n<\/section>\r\n\r\n\t\t\t\t<\/div>\n\t\t\t\t<\/div>\n\t\t\t\t\t<\/div>\n\t\t<\/div>\n\t\t\t\t\t<\/div>\n\t\t<\/section>\n\t\t\t\t<section class=\"elementor-section elementor-top-section elementor-element elementor-element-0f84582 elementor-section-boxed elementor-section-height-default elementor-section-height-default\" data-id=\"0f84582\" data-element_type=\"section\" data-settings=\"{&quot;background_background&quot;:&quot;classic&quot;}\">\n\t\t\t\t\t\t<div class=\"elementor-container elementor-column-gap-default\">\n\t\t\t\t\t<div class=\"elementor-column elementor-col-100 elementor-top-column elementor-element elementor-element-14179e5\" data-id=\"14179e5\" data-element_type=\"column\">\n\t\t\t<div class=\"elementor-widget-wrap elementor-element-populated\">\n\t\t\t\t\t\t<div class=\"elementor-element elementor-element-6279876 elementor-widget elementor-widget-Saasland_heading\" data-id=\"6279876\" data-element_type=\"widget\" data-widget_type=\"Saasland_heading.default\">\n\t\t\t\t<div class=\"elementor-widget-container\">\n\t\t\t\t\t<div class=\"heading_wrap d-flex justify-content-start\"><h2 class=\"saasland_heading\" >Tu smo da odgovorimo na va\u0161a pitanja<\/h2><\/div>\t\t\t\t<\/div>\n\t\t\t\t<\/div>\n\t\t\t\t<div class=\"elementor-element elementor-element-28b1e71 elementor-widget elementor-widget-text-editor\" data-id=\"28b1e71\" data-element_type=\"widget\" data-widget_type=\"text-editor.default\">\n\t\t\t\t<div class=\"elementor-widget-container\">\n\t\t\t\t\t\t\t\t\t<p>Za kontakt ili pitanja u vezi na\u0161ih proizvoda ili usluga, ako vam treba dodatna informacija, ili samo \u017eelite izneti va\u0161e mi\u0161ljenje ili iskustvo s nekom od na\u0161ih usluga, slobodno nam se obratite preko bilo kog od dostupnih kontakt kanala komunikacije, a mi \u0107emo u\u010diniti sve da vam \u0161to pre i \u0161to kvalitetnije odgovorimo.<\/p>\t\t\t\t\t\t\t\t<\/div>\n\t\t\t\t<\/div>\n\t\t\t\t\t<\/div>\n\t\t<\/div>\n\t\t\t\t\t<\/div>\n\t\t<\/section>\n\t\t\t\t<section class=\"elementor-section elementor-top-section elementor-element elementor-element-d068364 elementor-section-full_width elementor-section-height-default elementor-section-height-default\" data-id=\"d068364\" data-element_type=\"section\">\n\t\t\t\t\t\t<div class=\"elementor-container elementor-column-gap-no\">\n\t\t\t\t\t<div class=\"elementor-column elementor-col-100 elementor-top-column elementor-element elementor-element-1e0329e\" data-id=\"1e0329e\" data-element_type=\"column\" data-settings=\"{&quot;animation&quot;:&quot;none&quot;}\">\n\t\t\t<div class=\"elementor-widget-wrap elementor-element-populated\">\n\t\t\t\t\t\t<div class=\"elementor-element elementor-element-caf0a80 elementor-invisible elementor-widget elementor-widget-saasland_map\" data-id=\"caf0a80\" data-element_type=\"widget\" data-settings=\"{&quot;_animation&quot;:&quot;fadeIn&quot;}\" data-widget_type=\"saasland_map.default\">\n\t\t\t\t<div class=\"elementor-widget-container\">\n\t\t\t\t\t        <section class=\"map_area\">\r\n            <iframe\n  width=\"100%\"\n  height=\"100%\"\n  style=\"border:0\"\n  loading=\"lazy\"\n  src=\"https:\/\/www.google.com\/maps\/embed?pb=!1m18!1m12!1m3!1d2830.505671735652!2d20.459947951421885!3d44.81126198468979!2m3!1f0!2f0!3f0!3m2!1i1024!2i768!4f13.1!3m3!1m2!1s0x475a655852b657cd%3A0x4f2da9fd166d551f!2sAllSecure%20d.o.o.!5e0!3m2!1sen!2srs!4v1670240200702!5m2!1sen!2srs&zoom=14&center=46.079228, 14.512937\">\n<\/iframe>\n\n            <div class=\"app_contact_info\">\r\n                <span class=\"triangle\"><\/span>\r\n                            <\/div>\r\n        <\/section>\r\n        \t\t\t\t<\/div>\n\t\t\t\t<\/div>\n\t\t\t\t\t<\/div>\n\t\t<\/div>\n\t\t\t\t\t<\/div>\n\t\t<\/section>\n\t\t\t\t<section class=\"elementor-section elementor-top-section elementor-element elementor-element-88fc13c elementor-section-boxed elementor-section-height-default elementor-section-height-default\" data-id=\"88fc13c\" data-element_type=\"section\">\n\t\t\t\t\t\t<div class=\"elementor-container elementor-column-gap-default\">\n\t\t\t\t\t<div class=\"elementor-column elementor-col-100 elementor-top-column elementor-element elementor-element-a6dd5de\" data-id=\"a6dd5de\" data-element_type=\"column\">\n\t\t\t<div class=\"elementor-widget-wrap elementor-element-populated\">\n\t\t\t\t\t\t<div class=\"elementor-element elementor-element-490344c elementor-invisible elementor-widget elementor-widget-saasland_main_features\" data-id=\"490344c\" data-element_type=\"widget\" data-settings=\"{&quot;_animation&quot;:&quot;fadeInLeft&quot;}\" data-widget_type=\"saasland_main_features.default\">\n\t\t\t\t<div class=\"elementor-widget-container\">\n\t\t\t\t\t<section class=\"hosting_service_area sec_pad\">\r\n    <div class=\"container\">\r\n        <div class=\"hosting_title text-center\">\r\n                        <\/div>\r\n    <div class=\"container\">\r\n        <div class=\"row\">\r\n                                <div class=\"col-lg-4 col-sm-6 elementor-repeater-item-d18b534\">\r\n                        <div class=\"hosting_service_item\">\r\n                            <div class=\"icon\">\r\n                                <img decoding=\"async\" width=\"64\" height=\"64\" src=\"https:\/\/new.allsecure.rs\/wp-content\/uploads\/2021\/03\/icon-location.png\" class=\"attachment-full size-full\" alt=\"location\" \/>                            <\/div>\r\n                                                                                            <h3 class=\"h_head\"> Lokacija <\/h3>\r\n                                                                                                                        <p><i class=\"fas fa-building\"><\/i> Terazije 43,<br \/><i class=\"fas fa-fw\"><\/i>11000 Beograd, Srbija<i class=\"fas fa-fw\"><\/i><\/p>\n                                                    <\/div>\r\n                    <\/div>\r\n                                        <div class=\"col-lg-4 col-sm-6 elementor-repeater-item-1893838\">\r\n                        <div class=\"hosting_service_item\">\r\n                            <div class=\"icon\">\r\n                                <img decoding=\"async\" width=\"64\" height=\"64\" src=\"https:\/\/new.allsecure.rs\/wp-content\/uploads\/2021\/03\/icon-phone-1.png\" class=\"attachment-full size-full\" alt=\"\" \/>                            <\/div>\r\n                                                                                            <h3 class=\"h_head\"> Pozovite nas <\/h3>\r\n                                                                                                                        <p><b>prodaja:<\/b><br \/> +381.60.445-06-25 <br \/> +381.60.445-06-28<br \/>\n<b>finansije:<\/b><br \/> +381.63.112-44-10<br \/> <b>ostalo:<\/b><br \/> +381.11.614-91-40 <\/p>\n                                                    <\/div>\r\n                    <\/div>\r\n                                        <div class=\"col-lg-4 col-sm-6 elementor-repeater-item-2fcdd63\">\r\n                        <div class=\"hosting_service_item\">\r\n                            <div class=\"icon\">\r\n                                <img loading=\"lazy\" decoding=\"async\" width=\"64\" height=\"64\" src=\"https:\/\/new.allsecure.rs\/wp-content\/uploads\/2021\/03\/icon-email.png\" class=\"attachment-full size-full\" alt=\"email\" \/>                            <\/div>\r\n                                                                                            <h3 class=\"h_head\"> E-mail <\/h3>\r\n                                                                                                                        <p><i class=\"fas fa-handshake fa-fw\"><\/i> <b>prodaja<\/b> (at) allsecure.rs<br \/>\n<i class=\"fas fa-file-invoice-dollar fa-fw\"><\/i> <b>billing<\/b> (at) allsecure.rs<br \/>\n<i class=\"fas fa-headset fa-fw\"><\/i> <b>podrska<\/b> (at) allsecure.rs<\/p>\n                                                    <\/div>\r\n                    <\/div>\r\n                            <\/div>\r\n    <\/div>\r\n<\/section>\t\t\t\t<\/div>\n\t\t\t\t<\/div>\n\t\t\t\t\t<\/div>\n\t\t<\/div>\n\t\t\t\t\t<\/div>\n\t\t<\/section>\n\t\t\t\t<section class=\"elementor-section elementor-top-section elementor-element elementor-element-0885ca1 elementor-section-boxed elementor-section-height-default elementor-section-height-default\" data-id=\"0885ca1\" data-element_type=\"section\">\n\t\t\t\t\t\t\t<div class=\"elementor-background-overlay\"><\/div>\n\t\t\t\t\t\t\t<div class=\"elementor-container elementor-column-gap-default\">\n\t\t\t\t\t<div class=\"elementor-column elementor-col-33 elementor-top-column elementor-element elementor-element-f06f87b\" data-id=\"f06f87b\" data-element_type=\"column\">\n\t\t\t<div class=\"elementor-widget-wrap elementor-element-populated\">\n\t\t\t\t\t\t<div class=\"elementor-element elementor-element-b69769d elementor-icon-list--layout-traditional elementor-list-item-link-full_width elementor-widget elementor-widget-icon-list\" data-id=\"b69769d\" data-element_type=\"widget\" data-widget_type=\"icon-list.default\">\n\t\t\t\t<div class=\"elementor-widget-container\">\n\t\t\t\t\t\t\t<ul class=\"elementor-icon-list-items\">\n\t\t\t\t\t\t\t<li class=\"elementor-icon-list-item\">\n\t\t\t\t\t\t\t\t\t\t\t<span class=\"elementor-icon-list-icon\">\n\t\t\t\t\t\t\t<svg aria-hidden=\"true\" class=\"e-font-icon-svg e-far-registered\" viewBox=\"0 0 512 512\" xmlns=\"http:\/\/www.w3.org\/2000\/svg\"><path d=\"M256 8C119.033 8 8 119.033 8 256s111.033 248 248 248 248-111.033 248-248S392.967 8 256 8zm0 448c-110.532 0-200-89.451-200-200 0-110.531 89.451-200 200-200 110.532 0 200 89.451 200 200 0 110.532-89.451 200-200 200zm110.442-81.791c-53.046-96.284-50.25-91.468-53.271-96.085 24.267-13.879 39.482-41.563 39.482-73.176 0-52.503-30.247-85.252-101.498-85.252h-78.667c-6.617 0-12 5.383-12 12V380c0 6.617 5.383 12 12 12h38.568c6.617 0 12-5.383 12-12v-83.663h31.958l47.515 89.303a11.98 11.98 0 0 0 10.593 6.36h42.81c9.14 0 14.914-9.799 10.51-17.791zM256.933 239.906h-33.875v-64.14h27.377c32.417 0 38.929 12.133 38.929 31.709-.001 20.913-11.518 32.431-32.431 32.431z\"><\/path><\/svg>\t\t\t\t\t\t<\/span>\n\t\t\t\t\t\t\t\t\t\t<span class=\"elementor-icon-list-text\"><b>Mati\u010dni broj:<\/b> 20042168<\/span>\n\t\t\t\t\t\t\t\t\t<\/li>\n\t\t\t\t\t\t\t\t<li class=\"elementor-icon-list-item\">\n\t\t\t\t\t\t\t\t\t\t\t<span class=\"elementor-icon-list-icon\">\n\t\t\t\t\t\t\t<svg aria-hidden=\"true\" class=\"e-font-icon-svg e-fas-file-invoice-dollar\" viewBox=\"0 0 384 512\" xmlns=\"http:\/\/www.w3.org\/2000\/svg\"><path d=\"M377 105L279.1 7c-4.5-4.5-10.6-7-17-7H256v128h128v-6.1c0-6.3-2.5-12.4-7-16.9zm-153 31V0H24C10.7 0 0 10.7 0 24v464c0 13.3 10.7 24 24 24h336c13.3 0 24-10.7 24-24V160H248c-13.2 0-24-10.8-24-24zM64 72c0-4.42 3.58-8 8-8h80c4.42 0 8 3.58 8 8v16c0 4.42-3.58 8-8 8H72c-4.42 0-8-3.58-8-8V72zm0 80v-16c0-4.42 3.58-8 8-8h80c4.42 0 8 3.58 8 8v16c0 4.42-3.58 8-8 8H72c-4.42 0-8-3.58-8-8zm144 263.88V440c0 4.42-3.58 8-8 8h-16c-4.42 0-8-3.58-8-8v-24.29c-11.29-.58-22.27-4.52-31.37-11.35-3.9-2.93-4.1-8.77-.57-12.14l11.75-11.21c2.77-2.64 6.89-2.76 10.13-.73 3.87 2.42 8.26 3.72 12.82 3.72h28.11c6.5 0 11.8-5.92 11.8-13.19 0-5.95-3.61-11.19-8.77-12.73l-45-13.5c-18.59-5.58-31.58-23.42-31.58-43.39 0-24.52 19.05-44.44 42.67-45.07V232c0-4.42 3.58-8 8-8h16c4.42 0 8 3.58 8 8v24.29c11.29.58 22.27 4.51 31.37 11.35 3.9 2.93 4.1 8.77.57 12.14l-11.75 11.21c-2.77 2.64-6.89 2.76-10.13.73-3.87-2.43-8.26-3.72-12.82-3.72h-28.11c-6.5 0-11.8 5.92-11.8 13.19 0 5.95 3.61 11.19 8.77 12.73l45 13.5c18.59 5.58 31.58 23.42 31.58 43.39 0 24.53-19.05 44.44-42.67 45.07z\"><\/path><\/svg>\t\t\t\t\t\t<\/span>\n\t\t\t\t\t\t\t\t\t\t<span class=\"elementor-icon-list-text\"><b>PIB:<\/b> 103884814<\/span>\n\t\t\t\t\t\t\t\t\t<\/li>\n\t\t\t\t\t\t<\/ul>\n\t\t\t\t\t\t<\/div>\n\t\t\t\t<\/div>\n\t\t\t\t\t<\/div>\n\t\t<\/div>\n\t\t\t\t<div class=\"elementor-column elementor-col-33 elementor-top-column elementor-element elementor-element-721d9a9\" data-id=\"721d9a9\" data-element_type=\"column\">\n\t\t\t<div class=\"elementor-widget-wrap elementor-element-populated\">\n\t\t\t\t\t\t<div class=\"elementor-element elementor-element-5ebe879 elementor-align-center elementor-icon-list--layout-traditional elementor-list-item-link-full_width elementor-widget elementor-widget-icon-list\" data-id=\"5ebe879\" data-element_type=\"widget\" data-widget_type=\"icon-list.default\">\n\t\t\t\t<div class=\"elementor-widget-container\">\n\t\t\t\t\t\t\t<ul class=\"elementor-icon-list-items\">\n\t\t\t\t\t\t\t<li class=\"elementor-icon-list-item\">\n\t\t\t\t\t\t\t\t\t\t<span class=\"elementor-icon-list-text\"><b>Zakonski Zastupnik:<\/b><\/span>\n\t\t\t\t\t\t\t\t\t<\/li>\n\t\t\t\t\t\t\t\t<li class=\"elementor-icon-list-item\">\n\t\t\t\t\t\t\t\t\t\t\t<span class=\"elementor-icon-list-icon\">\n\t\t\t\t\t\t\t<svg aria-hidden=\"true\" class=\"e-font-icon-svg e-fas-user-tie\" viewBox=\"0 0 448 512\" xmlns=\"http:\/\/www.w3.org\/2000\/svg\"><path d=\"M224 256c70.7 0 128-57.3 128-128S294.7 0 224 0 96 57.3 96 128s57.3 128 128 128zm95.8 32.6L272 480l-32-136 32-56h-96l32 56-32 136-47.8-191.4C56.9 292 0 350.3 0 422.4V464c0 26.5 21.5 48 48 48h352c26.5 0 48-21.5 48-48v-41.6c0-72.1-56.9-130.4-128.2-133.8z\"><\/path><\/svg>\t\t\t\t\t\t<\/span>\n\t\t\t\t\t\t\t\t\t\t<span class=\"elementor-icon-list-text\">Dejan Te\u0161i\u0107 - Direktor<\/span>\n\t\t\t\t\t\t\t\t\t<\/li>\n\t\t\t\t\t\t<\/ul>\n\t\t\t\t\t\t<\/div>\n\t\t\t\t<\/div>\n\t\t\t\t\t<\/div>\n\t\t<\/div>\n\t\t\t\t<div class=\"elementor-column elementor-col-33 elementor-top-column elementor-element elementor-element-f6bebb1\" data-id=\"f6bebb1\" data-element_type=\"column\">\n\t\t\t<div class=\"elementor-widget-wrap elementor-element-populated\">\n\t\t\t\t\t\t<div class=\"elementor-element elementor-element-48f2ae4 elementor-align-right elementor-icon-list--layout-traditional elementor-list-item-link-full_width elementor-widget elementor-widget-icon-list\" data-id=\"48f2ae4\" data-element_type=\"widget\" data-widget_type=\"icon-list.default\">\n\t\t\t\t<div class=\"elementor-widget-container\">\n\t\t\t\t\t\t\t<ul class=\"elementor-icon-list-items\">\n\t\t\t\t\t\t\t<li class=\"elementor-icon-list-item\">\n\t\t\t\t\t\t\t\t\t\t\t<a href=\"https:\/\/www.allsecure.rs\/wp-content\/uploads\/2023\/03\/PIB-ASB.webp\" target=\"_blank\" rel=\"nofollow\">\n\n\t\t\t\t\t\t\t\t\t\t\t\t<span class=\"elementor-icon-list-icon\">\n\t\t\t\t\t\t\t<i aria-hidden=\"true\" class=\"icon icon-download\"><\/i>\t\t\t\t\t\t<\/span>\n\t\t\t\t\t\t\t\t\t\t<span class=\"elementor-icon-list-text\"><b>Potvrda o PIB-u<\/b><\/span>\n\t\t\t\t\t\t\t\t\t\t\t<\/a>\n\t\t\t\t\t\t\t\t\t<\/li>\n\t\t\t\t\t\t\t\t<li class=\"elementor-icon-list-item\">\n\t\t\t\t\t\t\t\t\t\t\t<a href=\"https:\/\/www.allsecure.rs\/wp-content\/uploads\/2023\/03\/ASB-PODACI-IDENTIFIKACIJA.pdf\" target=\"_blank\" rel=\"nofollow\">\n\n\t\t\t\t\t\t\t\t\t\t\t\t<span class=\"elementor-icon-list-icon\">\n\t\t\t\t\t\t\t<i aria-hidden=\"true\" class=\"icon icon-download\"><\/i>\t\t\t\t\t\t<\/span>\n\t\t\t\t\t\t\t\t\t\t<span class=\"elementor-icon-list-text\"><b>Ident. Obrazac<\/b><\/span>\n\t\t\t\t\t\t\t\t\t\t\t<\/a>\n\t\t\t\t\t\t\t\t\t<\/li>\n\t\t\t\t\t\t<\/ul>\n\t\t\t\t\t\t<\/div>\n\t\t\t\t<\/div>\n\t\t\t\t\t<\/div>\n\t\t<\/div>\n\t\t\t\t\t<\/div>\n\t\t<\/section>\n\t\t\t\t<\/div>\n\t\t","protected":false},"excerpt":{"rendered":"<p>Kontakt Info Ne ustru\u010davajte se da pitate Tu smo da odgovorimo na va\u0161a pitanja Za kontakt ili pitanja u vezi na\u0161ih proizvoda ili usluga, ako vam treba dodatna informacija, ili samo \u017eelite izneti va\u0161e mi\u0161ljenje ili iskustvo s nekom od na\u0161ih usluga, slobodno nam se obratite preko bilo kog od dostupnih kontakt kanala komunikacije, a&#8230;<\/p>\n","protected":false},"author":1,"featured_media":0,"parent":2552,"menu_order":0,"comment_status":"closed","ping_status":"closed","template":"elementor_header_footer","meta":{"_acf_changed":false,"footnotes":""},"class_list":["post-2560","page","type-page","status-publish","hentry","no-post-thumbnail"],"acf":[],"yoast_head":"<!-- This site is optimized with the Yoast SEO Premium plugin v24.5 (Yoast SEO v24.5) - https:\/\/yoast.com\/wordpress\/plugins\/seo\/ -->\n<title>Kontakt Info - allsecure.rs<\/title>\n<meta name=\"description\" content=\"Za kontakt ili pitanja u vezi na\u0161ih usluga, ili samo \u017eelite izneti va\u0161e mi\u0161ljenje ili iskustvo s nekom od na\u0161ih usluga, slobodno nam se obratite\" \/>\n<meta name=\"robots\" content=\"noindex, follow, max-snippet:-1, max-image-preview:large, max-video-preview:-1\" \/>\n<meta property=\"og:locale\" content=\"en_US\" \/>\n<meta property=\"og:type\" content=\"article\" \/>\n<meta property=\"og:title\" content=\"Kontakt Info - allsecure.rs\" \/>\n<meta property=\"og:description\" content=\"Ukoliko imate pitanja u vezi na\u0161ih usluga, ili samo \u017eelite izneti va\u0161e mi\u0161ljenje ili iskustvo s nekom od na\u0161ih usluga, slobodno nam se obratite\" \/>\n<meta property=\"og:url\" content=\"https:\/\/new.allsecure.rs\/?page_id=2560\" \/>\n<meta property=\"og:site_name\" content=\"allsecure.rs\" \/>\n<meta name=\"twitter:card\" content=\"summary_large_image\" \/>\n<meta name=\"twitter:title\" content=\"Kontakt Info - allsecure.rs\" \/>\n<meta name=\"twitter:description\" content=\"Ukoliko imate pitanja u vezi na\u0161ih usluga, ili samo \u017eelite izneti va\u0161e mi\u0161ljenje ili iskustvo s nekom od na\u0161ih usluga, slobodno nam se obratite\" \/>\n<meta name=\"twitter:label1\" content=\"Est. reading time\" \/>\n\t<meta name=\"twitter:data1\" content=\"2 minutes\" \/>\n<script type=\"application\/ld+json\" class=\"yoast-schema-graph\">{\"@context\":\"https:\/\/schema.org\",\"@graph\":[{\"@type\":\"WebPage\",\"@id\":\"https:\/\/new.allsecure.rs\/?page_id=2560\",\"url\":\"https:\/\/new.allsecure.rs\/?page_id=2560\",\"name\":\"Kontakt Info - allsecure.rs\",\"isPartOf\":{\"@id\":\"https:\/\/new.allsecure.rs\/#website\"},\"primaryImageOfPage\":{\"@id\":\"https:\/\/new.allsecure.rs\/?page_id=2560#primaryimage\"},\"image\":{\"@id\":\"https:\/\/new.allsecure.rs\/?page_id=2560#primaryimage\"},\"thumbnailUrl\":\"https:\/\/new.allsecure.rs\/wp-content\/uploads\/2021\/03\/section-contact.png\",\"datePublished\":\"2021-03-12T11:41:15+00:00\",\"description\":\"Za kontakt ili pitanja u vezi na\u0161ih usluga, ili samo \u017eelite izneti va\u0161e mi\u0161ljenje ili iskustvo s nekom od na\u0161ih usluga, slobodno nam se obratite\",\"breadcrumb\":{\"@id\":\"https:\/\/new.allsecure.rs\/?page_id=2560#breadcrumb\"},\"inLanguage\":\"en-US\",\"potentialAction\":[{\"@type\":\"ReadAction\",\"target\":[\"https:\/\/new.allsecure.rs\/?page_id=2560\"]}]},{\"@type\":\"ImageObject\",\"inLanguage\":\"en-US\",\"@id\":\"https:\/\/new.allsecure.rs\/?page_id=2560#primaryimage\",\"url\":\"https:\/\/new.allsecure.rs\/wp-content\/uploads\/2021\/03\/section-contact.png\",\"contentUrl\":\"https:\/\/new.allsecure.rs\/wp-content\/uploads\/2021\/03\/section-contact.png\",\"width\":520,\"height\":396,\"caption\":\"contact info\"},{\"@type\":\"BreadcrumbList\",\"@id\":\"https:\/\/new.allsecure.rs\/?page_id=2560#breadcrumb\",\"itemListElement\":[{\"@type\":\"ListItem\",\"position\":1,\"name\":\"Home\",\"item\":\"https:\/\/new.allsecure.rs\/\"},{\"@type\":\"ListItem\",\"position\":2,\"name\":\"About\",\"item\":\"https:\/\/new.allsecure.rs\/?page_id=2552\"},{\"@type\":\"ListItem\",\"position\":3,\"name\":\"Kontakt Info\"}]},{\"@type\":\"WebSite\",\"@id\":\"https:\/\/new.allsecure.rs\/#website\",\"url\":\"https:\/\/new.allsecure.rs\/\",\"name\":\"allsecure.rs\",\"description\":\"\",\"potentialAction\":[{\"@type\":\"SearchAction\",\"target\":{\"@type\":\"EntryPoint\",\"urlTemplate\":\"https:\/\/new.allsecure.rs\/?s={search_term_string}\"},\"query-input\":{\"@type\":\"PropertyValueSpecification\",\"valueRequired\":true,\"valueName\":\"search_term_string\"}}],\"inLanguage\":\"en-US\"}]}<\/script>\n<!-- \/ Yoast SEO Premium plugin. -->","yoast_head_json":{"title":"Kontakt Info - allsecure.rs","description":"Za kontakt ili pitanja u vezi na\u0161ih usluga, ili samo \u017eelite izneti va\u0161e mi\u0161ljenje ili iskustvo s nekom od na\u0161ih usluga, slobodno nam se obratite","robots":{"index":"noindex","follow":"follow","max-snippet":"max-snippet:-1","max-image-preview":"max-image-preview:large","max-video-preview":"max-video-preview:-1"},"og_locale":"en_US","og_type":"article","og_title":"Kontakt Info - allsecure.rs","og_description":"Ukoliko imate pitanja u vezi na\u0161ih usluga, ili samo \u017eelite izneti va\u0161e mi\u0161ljenje ili iskustvo s nekom od na\u0161ih usluga, slobodno nam se obratite","og_url":"https:\/\/new.allsecure.rs\/?page_id=2560","og_site_name":"allsecure.rs","twitter_card":"summary_large_image","twitter_title":"Kontakt Info - allsecure.rs","twitter_description":"Ukoliko imate pitanja u vezi na\u0161ih usluga, ili samo \u017eelite izneti va\u0161e mi\u0161ljenje ili iskustvo s nekom od na\u0161ih usluga, slobodno nam se obratite","twitter_misc":{"Est. reading time":"2 minutes"},"schema":{"@context":"https:\/\/schema.org","@graph":[{"@type":"WebPage","@id":"https:\/\/new.allsecure.rs\/?page_id=2560","url":"https:\/\/new.allsecure.rs\/?page_id=2560","name":"Kontakt Info - allsecure.rs","isPartOf":{"@id":"https:\/\/new.allsecure.rs\/#website"},"primaryImageOfPage":{"@id":"https:\/\/new.allsecure.rs\/?page_id=2560#primaryimage"},"image":{"@id":"https:\/\/new.allsecure.rs\/?page_id=2560#primaryimage"},"thumbnailUrl":"https:\/\/new.allsecure.rs\/wp-content\/uploads\/2021\/03\/section-contact.png","datePublished":"2021-03-12T11:41:15+00:00","description":"Za kontakt ili pitanja u vezi na\u0161ih usluga, ili samo \u017eelite izneti va\u0161e mi\u0161ljenje ili iskustvo s nekom od na\u0161ih usluga, slobodno nam se obratite","breadcrumb":{"@id":"https:\/\/new.allsecure.rs\/?page_id=2560#breadcrumb"},"inLanguage":"en-US","potentialAction":[{"@type":"ReadAction","target":["https:\/\/new.allsecure.rs\/?page_id=2560"]}]},{"@type":"ImageObject","inLanguage":"en-US","@id":"https:\/\/new.allsecure.rs\/?page_id=2560#primaryimage","url":"https:\/\/new.allsecure.rs\/wp-content\/uploads\/2021\/03\/section-contact.png","contentUrl":"https:\/\/new.allsecure.rs\/wp-content\/uploads\/2021\/03\/section-contact.png","width":520,"height":396,"caption":"contact info"},{"@type":"BreadcrumbList","@id":"https:\/\/new.allsecure.rs\/?page_id=2560#breadcrumb","itemListElement":[{"@type":"ListItem","position":1,"name":"Home","item":"https:\/\/new.allsecure.rs\/"},{"@type":"ListItem","position":2,"name":"About","item":"https:\/\/new.allsecure.rs\/?page_id=2552"},{"@type":"ListItem","position":3,"name":"Kontakt Info"}]},{"@type":"WebSite","@id":"https:\/\/new.allsecure.rs\/#website","url":"https:\/\/new.allsecure.rs\/","name":"allsecure.rs","description":"","potentialAction":[{"@type":"SearchAction","target":{"@type":"EntryPoint","urlTemplate":"https:\/\/new.allsecure.rs\/?s={search_term_string}"},"query-input":{"@type":"PropertyValueSpecification","valueRequired":true,"valueName":"search_term_string"}}],"inLanguage":"en-US"}]}},"_links":{"self":[{"href":"https:\/\/new.allsecure.rs\/index.php?rest_route=\/wp\/v2\/pages\/2560","targetHints":{"allow":["GET"]}}],"collection":[{"href":"https:\/\/new.allsecure.rs\/index.php?rest_route=\/wp\/v2\/pages"}],"about":[{"href":"https:\/\/new.allsecure.rs\/index.php?rest_route=\/wp\/v2\/types\/page"}],"author":[{"embeddable":true,"href":"https:\/\/new.allsecure.rs\/index.php?rest_route=\/wp\/v2\/users\/1"}],"replies":[{"embeddable":true,"href":"https:\/\/new.allsecure.rs\/index.php?rest_route=%2Fwp%2Fv2%2Fcomments&post=2560"}],"version-history":[{"count":0,"href":"https:\/\/new.allsecure.rs\/index.php?rest_route=\/wp\/v2\/pages\/2560\/revisions"}],"up":[{"embeddable":true,"href":"https:\/\/new.allsecure.rs\/index.php?rest_route=\/wp\/v2\/pages\/2552"}],"wp:attachment":[{"href":"https:\/\/new.allsecure.rs\/index.php?rest_route=%2Fwp%2Fv2%2Fmedia&parent=2560"}],"curies":[{"name":"wp","href":"https:\/\/api.w.org\/{rel}","templated":true}]}}