{"id":2552,"date":"2021-03-11T13:18:01","date_gmt":"2021-03-11T12:18:01","guid":{"rendered":"https:\/\/www.allsecure.eu\/about\/"},"modified":"2021-03-11T13:18:01","modified_gmt":"2021-03-11T12:18:01","slug":"o-nama","status":"publish","type":"page","link":"https:\/\/new.allsecure.rs\/?page_id=2552","title":{"rendered":"AllSecure &#8211; Va\u0161 partner u Internet Trgovini"},"content":{"rendered":"\t\t<div data-elementor-type=\"wp-page\" data-elementor-id=\"2552\" class=\"elementor elementor-2552\">\n\t\t\t\t\t\t<section class=\"elementor-section elementor-top-section elementor-element elementor-element-8a27879 elementor-section-full_width elementor-section-height-default elementor-section-height-default\" data-id=\"8a27879\" data-element_type=\"section\">\n\t\t\t\t\t\t<div class=\"elementor-container elementor-column-gap-no\">\n\t\t\t\t\t<div class=\"elementor-column elementor-col-100 elementor-top-column elementor-element elementor-element-3833e72\" data-id=\"3833e72\" data-element_type=\"column\">\n\t\t\t<div class=\"elementor-widget-wrap elementor-element-populated\">\n\t\t\t\t\t\t<div class=\"elementor-element elementor-element-c24750e elementor-widget elementor-widget-saasland_hero\" data-id=\"c24750e\" data-element_type=\"widget\" data-widget_type=\"saasland_hero.default\">\n\t\t\t\t<div class=\"elementor-widget-container\">\n\t\t\t\t\t<section class=\"home_analytics_banner_area\">\r\n    <div class=\"elements\">\r\n                                                    <\/div>\r\n    <div class=\"container\">\r\n        <div class=\"row align-items-center\">\r\n            <div class=\"col-lg-6\">\r\n                <div class=\"h_analytics_content\">\r\n                                            <h1 class=\"typewrite_title saasland_html_class_color\">\r\n                            AllSecure                        <\/h1>\r\n                                        <p>Kompletno Re\u0161enje za Internet Pla\u0107anja<\/p>\n                                    <\/div>\r\n            <\/div>\r\n            <div class=\"col-lg-6\">\r\n                <div class=\"h_analytices_img\">\r\n                    <img fetchpriority=\"high\" decoding=\"async\" width=\"442\" height=\"432\" src=\"https:\/\/new.allsecure.rs\/wp-content\/uploads\/2021\/03\/section-about.png\" class=\"attachment-full size-full\" alt=\"Allsecure\" srcset=\"https:\/\/new.allsecure.rs\/wp-content\/uploads\/2021\/03\/section-about.png 442w, https:\/\/new.allsecure.rs\/wp-content\/uploads\/2021\/03\/section-about-300x293.png 300w\" sizes=\"(max-width: 442px) 100vw, 442px\" \/>                <\/div>\r\n            <\/div>\r\n        <\/div>\r\n    <\/div>\r\n<\/section>\r\n\r\n\t\t\t\t<\/div>\n\t\t\t\t<\/div>\n\t\t\t\t\t<\/div>\n\t\t<\/div>\n\t\t\t\t\t<\/div>\n\t\t<\/section>\n\t\t\t\t<section class=\"elementor-section elementor-top-section elementor-element elementor-element-0f84582 elementor-section-boxed elementor-section-height-default elementor-section-height-default\" data-id=\"0f84582\" data-element_type=\"section\" data-settings=\"{&quot;background_background&quot;:&quot;classic&quot;}\">\n\t\t\t\t\t\t<div class=\"elementor-container elementor-column-gap-default\">\n\t\t\t\t\t<div class=\"elementor-column elementor-col-100 elementor-top-column elementor-element elementor-element-14179e5\" data-id=\"14179e5\" data-element_type=\"column\">\n\t\t\t<div class=\"elementor-widget-wrap elementor-element-populated\">\n\t\t\t\t\t\t<div class=\"elementor-element elementor-element-6279876 elementor-widget elementor-widget-Saasland_heading\" data-id=\"6279876\" data-element_type=\"widget\" data-widget_type=\"Saasland_heading.default\">\n\t\t\t\t<div class=\"elementor-widget-container\">\n\t\t\t\t\t<div class=\"heading_wrap d-flex justify-content-start\"><h2 class=\"saasland_heading\" >Va\u0161 Partner za Internet Pla\u0107anja<\/h2><\/div>\t\t\t\t<\/div>\n\t\t\t\t<\/div>\n\t\t\t\t<div class=\"elementor-element elementor-element-28b1e71 elementor-widget elementor-widget-text-editor\" data-id=\"28b1e71\" data-element_type=\"widget\" data-widget_type=\"text-editor.default\">\n\t\t\t\t<div class=\"elementor-widget-container\">\n\t\t\t\t\t\t\t\t\t<p>AllSecure je osnovan 2001. godine na Malti sa osnovnim ciljem da vr\u0161i implementaciju i upravljanje naprednih re\u0161enja za elektronska pla\u0107anja. Nakon 15 godina uspe\u0161nog poslovanja doneta je strate\u0161ka odluka o fokusu poslovanja isklju\u010divo na razvoj i implementaciju inovativnih e-commerce re\u0161enja. Ovo, pre svega, uklju\u010duje pla\u0107anja preko interneta i mobilnih ure\u0111aja, putem platnih kartica i drugih alternativnih metoda pla\u0107anja. Mi\u0161ljenja smo da je era zatvorenih EFT-POS re\u0161enja zavr\u0161ena i da savremenim trgovcima treba ponuditi centralizovana \u201comni-channel\u201d re\u0161enja za pla\u0107anja. S tim u vezi AllSecure danas svojim korisnicima, e-trgovcima, bankama i drugim finansijskim organizacijama, pru\u017ea kompletnu slugu za prihvatanje elektronskih pla\u0107anja. Ovo uklju\u010duje Payment Gateway, usluge podr\u0161ke, profesionalnog konsaltinga i usluga upravljanja sistemima za prevenciju rizika. Tokom godina saradnje sa bankama i najve\u0107im trgovcima, tim koji \u010dini AllSecure stekao je zavidnu reputaciju kako u Srbiji tako i u regionu. Prepoznati smo kao firma koja je pre svega posve\u0107ena odr\u017eavanju najvi\u0161ih standarda usluga koje pru\u017eamo.<\/p>\t\t\t\t\t\t\t\t<\/div>\n\t\t\t\t<\/div>\n\t\t\t\t\t<\/div>\n\t\t<\/div>\n\t\t\t\t\t<\/div>\n\t\t<\/section>\n\t\t\t\t<section class=\"elementor-section elementor-top-section elementor-element elementor-element-88fc13c elementor-section-boxed elementor-section-height-default elementor-section-height-default\" data-id=\"88fc13c\" data-element_type=\"section\">\n\t\t\t\t\t\t<div class=\"elementor-container elementor-column-gap-default\">\n\t\t\t\t\t<div class=\"elementor-column elementor-col-100 elementor-top-column elementor-element elementor-element-a6dd5de\" data-id=\"a6dd5de\" data-element_type=\"column\">\n\t\t\t<div class=\"elementor-widget-wrap elementor-element-populated\">\n\t\t\t\t\t\t<div class=\"elementor-element elementor-element-490344c elementor-invisible elementor-widget elementor-widget-saasland_main_features\" data-id=\"490344c\" data-element_type=\"widget\" data-settings=\"{&quot;_animation&quot;:&quot;fadeInLeft&quot;}\" data-widget_type=\"saasland_main_features.default\">\n\t\t\t\t<div class=\"elementor-widget-container\">\n\t\t\t\t\t<section class=\"hosting_service_area sec_pad\">\r\n    <div class=\"container\">\r\n        <div class=\"hosting_title text-center\">\r\n                        <\/div>\r\n    <div class=\"container\">\r\n        <div class=\"row\">\r\n                                <div class=\"col-lg-4 col-sm-6 elementor-repeater-item-d18b534\">\r\n                        <div class=\"hosting_service_item\">\r\n                            <div class=\"icon\">\r\n                                <img decoding=\"async\" width=\"64\" height=\"64\" src=\"https:\/\/new.allsecure.rs\/wp-content\/uploads\/2021\/03\/icon-team.png\" class=\"attachment-full size-full\" alt=\"\" \/>                            <\/div>\r\n                                                                                            <h3 class=\"h_head\"> Ljudi <\/h3>\r\n                                                                                                                        <p>Proteklih 20 godina tokom kojih smo pru\u017eali razli\u010dite usluge elektronskih pla\u0107anja, eksperski tim AllSecure je stekao zavidnu reputaciju na tr\u017ei\u0161tu Srbije i regiona.<\/p>\n                                                    <\/div>\r\n                    <\/div>\r\n                                        <div class=\"col-lg-4 col-sm-6 elementor-repeater-item-1893838\">\r\n                        <div class=\"hosting_service_item\">\r\n                            <div class=\"icon\">\r\n                                <img decoding=\"async\" width=\"64\" height=\"64\" src=\"https:\/\/new.allsecure.rs\/wp-content\/uploads\/2021\/03\/icon-market.png\" class=\"attachment-full size-full\" alt=\"market knowledge\" \/>                            <\/div>\r\n                                                             <a href=\"https:\/\/www.allsecure.rs\/usluge\/professional-services\/?lang=sr\">                                 <h3 class=\"h_head\"> Poznavanje Tr\u017ei\u0161ta <\/h3>\r\n                                 <\/a>                                                                                         <p>U saradnji sa svojim partnerima godinama AllSecure uspe\u0161no posluje na tr\u017ei\u0161tima Jugoisto\u010dne Evrope i EU. To nam daje neophodno iskustvo potrebno da prui\u017eimo najbolju uslugu svojim trgovcima.<\/p>\n                                                    <\/div>\r\n                    <\/div>\r\n                                        <div class=\"col-lg-4 col-sm-6 elementor-repeater-item-2fcdd63\">\r\n                        <div class=\"hosting_service_item\">\r\n                            <div class=\"icon\">\r\n                                <img loading=\"lazy\" decoding=\"async\" width=\"64\" height=\"64\" src=\"https:\/\/new.allsecure.rs\/wp-content\/uploads\/2021\/03\/icon-best.png\" class=\"attachment-full size-full\" alt=\"best technology\" \/>                            <\/div>\r\n                                                             <a href=\"https:\/\/www.allsecure.rs\/usluge\/payment-gateway\/?lang=sr\">                                 <h3 class=\"h_head\"> Vrhunska Tehnologija <\/h3>\r\n                                 <\/a>                                                                                         <p>Klijentima obezbe\u0111ujemo jednu od vode\u0107ih, skalabilnih platformi za pla\u0107anje, koja je licencirana i povezana sa stotinama finansijskih organizacija i metoda pla\u0107anja u svetu.<\/p>\n                                                    <\/div>\r\n                    <\/div>\r\n                            <\/div>\r\n    <\/div>\r\n<\/section>\t\t\t\t<\/div>\n\t\t\t\t<\/div>\n\t\t\t\t\t<\/div>\n\t\t<\/div>\n\t\t\t\t\t<\/div>\n\t\t<\/section>\n\t\t\t\t<section class=\"elementor-section elementor-top-section elementor-element elementor-element-86070b8 elementor-section-boxed elementor-section-height-default elementor-section-height-default\" data-id=\"86070b8\" data-element_type=\"section\">\n\t\t\t\t\t\t<div class=\"elementor-container elementor-column-gap-default\">\n\t\t\t\t\t<div class=\"elementor-column elementor-col-100 elementor-top-column elementor-element elementor-element-904175e\" data-id=\"904175e\" data-element_type=\"column\">\n\t\t\t<div class=\"elementor-widget-wrap elementor-element-populated\">\n\t\t\t\t\t\t<div class=\"elementor-element elementor-element-4fab874 elementor-widget elementor-widget-heading\" data-id=\"4fab874\" data-element_type=\"widget\" data-widget_type=\"heading.default\">\n\t\t\t\t<div class=\"elementor-widget-container\">\n\t\t\t\t\t<h2 class=\"elementor-heading-title elementor-size-default\">Allsecure Banke Partneri<\/h2>\t\t\t\t<\/div>\n\t\t\t\t<\/div>\n\t\t\t\t<div class=\"elementor-element elementor-element-615dc12 elementor-widget elementor-widget-text-editor\" data-id=\"615dc12\" data-element_type=\"widget\" data-widget_type=\"text-editor.default\">\n\t\t\t\t<div class=\"elementor-widget-container\">\n\t\t\t\t\t\t\t\t\t<p>AllSecure sara\u0111uje sa ve\u0107im brojem banaka \/ prihvatilaca, kako u regionu, tako i globalno. Ovo nam omogu\u0107uje da svojim korisnicima sklopimo najoptimalnije re\u0161enje u skladu sa njihovim specifi\u010dnim zahtevima. Lista preferentnih banaka partnera, pre svega regionalnih, se nalazi ispod. Mo\u017eete nas kontaktirati za informaciju o bankama \/ prihvatiocima za tr\u017ei\u0161ta koja Vas interesuju.<\/p>\t\t\t\t\t\t\t\t<\/div>\n\t\t\t\t<\/div>\n\t\t\t\t<div class=\"elementor-element elementor-element-a41dfe2 elementor-widget elementor-widget-html\" data-id=\"a41dfe2\" data-element_type=\"widget\" data-widget_type=\"html.default\">\n\t\t\t\t<div class=\"elementor-widget-container\">\n\t\t\t\t\t<style>\r\na.intregration_icon {\r\n    background: none!important;\r\n}\r\n<\/style>\t\t\t\t<\/div>\n\t\t\t\t<\/div>\n\t\t\t\t<div class=\"elementor-element elementor-element-49d50cb elementor-widget elementor-widget-saasland_integrations_row\" data-id=\"49d50cb\" data-element_type=\"widget\" data-widget_type=\"saasland_integrations_row.default\">\n\t\t\t\t<div class=\"elementor-widget-container\">\n\t\t\t\t\t        <div class=\"row intregration_logo\">\r\n                                <div class=\"col-4 intregration_item\">\r\n                        <a  class=\"intregration_icon\">\r\n                            <img decoding=\"async\" src=\"https:\/\/www.allsecure.rs\/wp-content\/uploads\/2021\/03\/partner-hipoterkarna.png\" alt=\"Hipotekarna Banka\">\r\n                        <\/a>\r\n                    <\/div>\r\n                                        <div class=\"col-4 intregration_item\">\r\n                        <a  class=\"intregration_icon\">\r\n                            <img decoding=\"async\" src=\"https:\/\/www.allsecure.rs\/wp-content\/uploads\/2021\/03\/partner-intesa.png\" alt=\"Banca Intesa\">\r\n                        <\/a>\r\n                    <\/div>\r\n                                        <div class=\"col-4 intregration_item\">\r\n                        <a  class=\"intregration_icon\">\r\n                            <img decoding=\"async\" src=\"https:\/\/www.allsecure.rs\/wp-content\/uploads\/2021\/03\/partner-unicredit.png\" alt=\"UniCredit Bank\">\r\n                        <\/a>\r\n                    <\/div>\r\n                                        <div class=\"col-4 intregration_item\">\r\n                        <a  class=\"intregration_icon\">\r\n                            <img decoding=\"async\" src=\"https:\/\/www.allsecure.rs\/wp-content\/uploads\/2021\/03\/partner-aikbanka.png\" alt=\"AIK Banka\">\r\n                        <\/a>\r\n                    <\/div>\r\n                                        <div class=\"col-4 intregration_item\">\r\n                        <a  class=\"intregration_icon\">\r\n                            <img decoding=\"async\" src=\"https:\/\/www.allsecure.rs\/wp-content\/uploads\/2021\/12\/partner-nlb.png\" alt=\"NLB Group\">\r\n                        <\/a>\r\n                    <\/div>\r\n                                        <div class=\"col-4 intregration_item\">\r\n                        <a  class=\"intregration_icon\">\r\n                            <img decoding=\"async\" src=\"https:\/\/www.allsecure.rs\/wp-content\/uploads\/2023\/02\/partner-ckb.png\" alt=\"CKB Banka\">\r\n                        <\/a>\r\n                    <\/div>\r\n                                        <div class=\"col-4 intregration_item\">\r\n                        <a  class=\"intregration_icon\">\r\n                            <img decoding=\"async\" src=\"https:\/\/www.allsecure.rs\/wp-content\/uploads\/2021\/03\/partner-raiffeisen.png\" alt=\"Raiffeisen Bank\">\r\n                        <\/a>\r\n                    <\/div>\r\n                                        <div class=\"col-4 intregration_item\">\r\n                        <a  class=\"intregration_icon\">\r\n                            <img decoding=\"async\" src=\"https:\/\/www.allsecure.rs\/wp-content\/uploads\/2021\/03\/partner-concardis.png\" alt=\"Concardis\">\r\n                        <\/a>\r\n                    <\/div>\r\n                                        <div class=\"col-4 intregration_item\">\r\n                        <a  class=\"intregration_icon\">\r\n                            <img decoding=\"async\" src=\"https:\/\/www.allsecure.rs\/wp-content\/uploads\/2021\/12\/partner-paydoo.png\" alt=\"Paydoo\">\r\n                        <\/a>\r\n                    <\/div>\r\n                                        <div class=\"col-4 intregration_item\">\r\n                        <a  class=\"intregration_icon\">\r\n                            <img decoding=\"async\" src=\"https:\/\/www.allsecure.rs\/wp-content\/uploads\/2023\/02\/partner-otp.png\" alt=\"OTP Banka\">\r\n                        <\/a>\r\n                    <\/div>\r\n                            <\/div>\r\n        \t\t\t\t<\/div>\n\t\t\t\t<\/div>\n\t\t\t\t\t<\/div>\n\t\t<\/div>\n\t\t\t\t\t<\/div>\n\t\t<\/section>\n\t\t\t\t<\/div>\n\t\t","protected":false},"excerpt":{"rendered":"<p>AllSecure Kompletno Re\u0161enje za Internet Pla\u0107anja Va\u0161 Partner za Internet Pla\u0107anja AllSecure je osnovan 2001. godine na Malti sa osnovnim ciljem da vr\u0161i implementaciju i upravljanje naprednih re\u0161enja za elektronska pla\u0107anja. Nakon 15 godina uspe\u0161nog poslovanja doneta je strate\u0161ka odluka o fokusu poslovanja isklju\u010divo na razvoj i implementaciju inovativnih e-commerce re\u0161enja. Ovo, pre svega, uklju\u010duje&#8230;<\/p>\n","protected":false},"author":1,"featured_media":0,"parent":0,"menu_order":0,"comment_status":"closed","ping_status":"closed","template":"elementor_header_footer","meta":{"_acf_changed":false,"footnotes":""},"class_list":["post-2552","page","type-page","status-publish","hentry","no-post-thumbnail"],"acf":[],"yoast_head":"<!-- This site is optimized with the Yoast SEO Premium plugin v24.5 (Yoast SEO v24.5) - https:\/\/yoast.com\/wordpress\/plugins\/seo\/ -->\n<title>Globalno re\u0161enje za internet pla\u0107anja - allsecure.rs<\/title>\n<meta name=\"description\" content=\"AllSecure ve\u0107 20 godina E-Trgovcima i Bankama, nudi usluge i kompletna re\u0161enja za elektronska pla\u0107anja, ukllju\u010duju\u0107i Payment Gateway\" \/>\n<meta name=\"robots\" content=\"noindex, follow, max-snippet:-1, max-image-preview:large, max-video-preview:-1\" \/>\n<meta property=\"og:locale\" content=\"en_US\" \/>\n<meta property=\"og:type\" content=\"article\" \/>\n<meta property=\"og:title\" content=\"Globalno re\u0161enje za internet pla\u0107anja - allsecure.rs\" \/>\n<meta property=\"og:description\" content=\"AllSecure ve\u0107 20 godina svojim klijentima, E-Trgovcima i Bankama, nudi usluge i kompletna re\u0161enja za elektronska pla\u0107anja, ukllju\u010duju\u0107i Payment Gateway\" \/>\n<meta property=\"og:url\" content=\"https:\/\/new.allsecure.rs\/?page_id=2552\" \/>\n<meta property=\"og:site_name\" content=\"allsecure.rs\" \/>\n<meta name=\"twitter:card\" content=\"summary_large_image\" \/>\n<meta name=\"twitter:title\" content=\"Globalno re\u0161enje za internet pla\u0107anja - allsecure.rs\" \/>\n<meta name=\"twitter:description\" content=\"AllSecure ve\u0107 20 godina svojim klijentima, E-Trgovcima i Bankama, nudi usluge i kompletna re\u0161enja za elektronska pla\u0107anja, ukllju\u010duju\u0107i Payment Gateway\" \/>\n<meta name=\"twitter:label1\" content=\"Est. reading time\" \/>\n\t<meta name=\"twitter:data1\" content=\"5 minutes\" \/>\n<script type=\"application\/ld+json\" class=\"yoast-schema-graph\">{\"@context\":\"https:\/\/schema.org\",\"@graph\":[{\"@type\":[\"WebPage\",\"AboutPage\"],\"@id\":\"https:\/\/new.allsecure.rs\/?page_id=2552\",\"url\":\"https:\/\/new.allsecure.rs\/?page_id=2552\",\"name\":\"Globalno re\u0161enje za internet pla\u0107anja - allsecure.rs\",\"isPartOf\":{\"@id\":\"https:\/\/new.allsecure.rs\/#website\"},\"primaryImageOfPage\":{\"@id\":\"https:\/\/new.allsecure.rs\/?page_id=2552#primaryimage\"},\"image\":{\"@id\":\"https:\/\/new.allsecure.rs\/?page_id=2552#primaryimage\"},\"thumbnailUrl\":\"https:\/\/new.allsecure.rs\/wp-content\/uploads\/2021\/03\/section-about.png\",\"datePublished\":\"2021-03-11T12:18:01+00:00\",\"description\":\"AllSecure ve\u0107 20 godina E-Trgovcima i Bankama, nudi usluge i kompletna re\u0161enja za elektronska pla\u0107anja, ukllju\u010duju\u0107i Payment Gateway\",\"breadcrumb\":{\"@id\":\"https:\/\/new.allsecure.rs\/?page_id=2552#breadcrumb\"},\"inLanguage\":\"en-US\",\"potentialAction\":[{\"@type\":\"ReadAction\",\"target\":[\"https:\/\/new.allsecure.rs\/?page_id=2552\"]}]},{\"@type\":\"ImageObject\",\"inLanguage\":\"en-US\",\"@id\":\"https:\/\/new.allsecure.rs\/?page_id=2552#primaryimage\",\"url\":\"https:\/\/new.allsecure.rs\/wp-content\/uploads\/2021\/03\/section-about.png\",\"contentUrl\":\"https:\/\/new.allsecure.rs\/wp-content\/uploads\/2021\/03\/section-about.png\",\"width\":442,\"height\":432,\"caption\":\"Allsecure\"},{\"@type\":\"BreadcrumbList\",\"@id\":\"https:\/\/new.allsecure.rs\/?page_id=2552#breadcrumb\",\"itemListElement\":[{\"@type\":\"ListItem\",\"position\":1,\"name\":\"Home\",\"item\":\"https:\/\/new.allsecure.rs\/\"},{\"@type\":\"ListItem\",\"position\":2,\"name\":\"About\"}]},{\"@type\":\"WebSite\",\"@id\":\"https:\/\/new.allsecure.rs\/#website\",\"url\":\"https:\/\/new.allsecure.rs\/\",\"name\":\"allsecure.rs\",\"description\":\"\",\"potentialAction\":[{\"@type\":\"SearchAction\",\"target\":{\"@type\":\"EntryPoint\",\"urlTemplate\":\"https:\/\/new.allsecure.rs\/?s={search_term_string}\"},\"query-input\":{\"@type\":\"PropertyValueSpecification\",\"valueRequired\":true,\"valueName\":\"search_term_string\"}}],\"inLanguage\":\"en-US\"}]}<\/script>\n<!-- \/ Yoast SEO Premium plugin. -->","yoast_head_json":{"title":"Globalno re\u0161enje za internet pla\u0107anja - allsecure.rs","description":"AllSecure ve\u0107 20 godina E-Trgovcima i Bankama, nudi usluge i kompletna re\u0161enja za elektronska pla\u0107anja, ukllju\u010duju\u0107i Payment Gateway","robots":{"index":"noindex","follow":"follow","max-snippet":"max-snippet:-1","max-image-preview":"max-image-preview:large","max-video-preview":"max-video-preview:-1"},"og_locale":"en_US","og_type":"article","og_title":"Globalno re\u0161enje za internet pla\u0107anja - allsecure.rs","og_description":"AllSecure ve\u0107 20 godina svojim klijentima, E-Trgovcima i Bankama, nudi usluge i kompletna re\u0161enja za elektronska pla\u0107anja, ukllju\u010duju\u0107i Payment Gateway","og_url":"https:\/\/new.allsecure.rs\/?page_id=2552","og_site_name":"allsecure.rs","twitter_card":"summary_large_image","twitter_title":"Globalno re\u0161enje za internet pla\u0107anja - allsecure.rs","twitter_description":"AllSecure ve\u0107 20 godina svojim klijentima, E-Trgovcima i Bankama, nudi usluge i kompletna re\u0161enja za elektronska pla\u0107anja, ukllju\u010duju\u0107i Payment Gateway","twitter_misc":{"Est. reading time":"5 minutes"},"schema":{"@context":"https:\/\/schema.org","@graph":[{"@type":["WebPage","AboutPage"],"@id":"https:\/\/new.allsecure.rs\/?page_id=2552","url":"https:\/\/new.allsecure.rs\/?page_id=2552","name":"Globalno re\u0161enje za internet pla\u0107anja - allsecure.rs","isPartOf":{"@id":"https:\/\/new.allsecure.rs\/#website"},"primaryImageOfPage":{"@id":"https:\/\/new.allsecure.rs\/?page_id=2552#primaryimage"},"image":{"@id":"https:\/\/new.allsecure.rs\/?page_id=2552#primaryimage"},"thumbnailUrl":"https:\/\/new.allsecure.rs\/wp-content\/uploads\/2021\/03\/section-about.png","datePublished":"2021-03-11T12:18:01+00:00","description":"AllSecure ve\u0107 20 godina E-Trgovcima i Bankama, nudi usluge i kompletna re\u0161enja za elektronska pla\u0107anja, ukllju\u010duju\u0107i Payment Gateway","breadcrumb":{"@id":"https:\/\/new.allsecure.rs\/?page_id=2552#breadcrumb"},"inLanguage":"en-US","potentialAction":[{"@type":"ReadAction","target":["https:\/\/new.allsecure.rs\/?page_id=2552"]}]},{"@type":"ImageObject","inLanguage":"en-US","@id":"https:\/\/new.allsecure.rs\/?page_id=2552#primaryimage","url":"https:\/\/new.allsecure.rs\/wp-content\/uploads\/2021\/03\/section-about.png","contentUrl":"https:\/\/new.allsecure.rs\/wp-content\/uploads\/2021\/03\/section-about.png","width":442,"height":432,"caption":"Allsecure"},{"@type":"BreadcrumbList","@id":"https:\/\/new.allsecure.rs\/?page_id=2552#breadcrumb","itemListElement":[{"@type":"ListItem","position":1,"name":"Home","item":"https:\/\/new.allsecure.rs\/"},{"@type":"ListItem","position":2,"name":"About"}]},{"@type":"WebSite","@id":"https:\/\/new.allsecure.rs\/#website","url":"https:\/\/new.allsecure.rs\/","name":"allsecure.rs","description":"","potentialAction":[{"@type":"SearchAction","target":{"@type":"EntryPoint","urlTemplate":"https:\/\/new.allsecure.rs\/?s={search_term_string}"},"query-input":{"@type":"PropertyValueSpecification","valueRequired":true,"valueName":"search_term_string"}}],"inLanguage":"en-US"}]}},"_links":{"self":[{"href":"https:\/\/new.allsecure.rs\/index.php?rest_route=\/wp\/v2\/pages\/2552","targetHints":{"allow":["GET"]}}],"collection":[{"href":"https:\/\/new.allsecure.rs\/index.php?rest_route=\/wp\/v2\/pages"}],"about":[{"href":"https:\/\/new.allsecure.rs\/index.php?rest_route=\/wp\/v2\/types\/page"}],"author":[{"embeddable":true,"href":"https:\/\/new.allsecure.rs\/index.php?rest_route=\/wp\/v2\/users\/1"}],"replies":[{"embeddable":true,"href":"https:\/\/new.allsecure.rs\/index.php?rest_route=%2Fwp%2Fv2%2Fcomments&post=2552"}],"version-history":[{"count":0,"href":"https:\/\/new.allsecure.rs\/index.php?rest_route=\/wp\/v2\/pages\/2552\/revisions"}],"wp:attachment":[{"href":"https:\/\/new.allsecure.rs\/index.php?rest_route=%2Fwp%2Fv2%2Fmedia&parent=2552"}],"curies":[{"name":"wp","href":"https:\/\/api.w.org\/{rel}","templated":true}]}}